CRAN Package Check Results for Package mniw

Last updated on 2022-11-28 06:50:16 CET.

Flavor Version Tinstall Tcheck Ttotal Status Flags
r-devel-linux-x86_64-debian-clang 1.0.1 143.95 94.39 238.34 OK
r-devel-linux-x86_64-debian-gcc 1.0.1 132.25 74.44 206.69 OK
r-devel-linux-x86_64-fedora-clang 1.0.1 358.19 OK
r-devel-linux-x86_64-fedora-gcc 1.0.1 347.69 OK
r-devel-windows-x86_64 1.0.1 117.00 154.00 271.00 OK
r-patched-linux-x86_64 1.0.1 134.12 94.50 228.62 OK
r-release-linux-x86_64 1.0.1 131.85 92.85 224.70 OK
r-release-macos-arm64 1.0.1 86.00 NOTE
r-release-macos-x86_64 1.0.1 109.00 NOTE
r-release-windows-x86_64 1.0.1 128.00 154.00 282.00 OK
r-oldrel-macos-arm64 1.0.1 81.00 NOTE
r-oldrel-macos-x86_64 1.0.1 109.00 NOTE
r-oldrel-windows-ix86+x86_64 1.0.1 365.00 216.00 581.00 OK

Check Details

Version: 1.0.1
Check: installed package size
Result: NOTE
     installed size is 15.6Mb
     sub-directories of 1Mb or more:
     libs 15.4Mb
Flavors: r-release-macos-arm64, r-release-macos-x86_64, r-oldrel-macos-arm64, r-oldrel-macos-x86_64