Last updated on 2022-07-03 15:52:37 CEST.
Flavor | Version | Tinstall | Tcheck | Ttotal | Status | Flags |
---|---|---|---|---|---|---|
r-devel-linux-x86_64-debian-clang | 1.0 | 138.36 | 94.93 | 233.29 | OK | |
r-devel-linux-x86_64-debian-gcc | 1.0 | 134.46 | 71.41 | 205.87 | OK | |
r-devel-linux-x86_64-fedora-clang | 1.0 | 375.20 | NOTE | |||
r-devel-linux-x86_64-fedora-gcc | 1.0 | 344.05 | OK | |||
r-devel-windows-x86_64 | 1.0 | 120.00 | 146.00 | 266.00 | OK | |
r-patched-linux-x86_64 | 1.0 | 136.79 | 93.37 | 230.16 | OK | |
r-release-linux-x86_64 | 1.0 | 147.67 | 94.42 | 242.09 | OK | |
r-release-macos-arm64 | 1.0 | 82.00 | NOTE | |||
r-release-macos-x86_64 | 1.0 | 107.00 | NOTE | |||
r-release-windows-x86_64 | 1.0 | 111.00 | 156.00 | 267.00 | OK | |
r-oldrel-macos-arm64 | 1.0 | 96.00 | NOTE | |||
r-oldrel-macos-x86_64 | 1.0 | 167.00 | NOTE | |||
r-oldrel-windows-ix86+x86_64 | 1.0 | 365.00 | 218.00 | 583.00 | OK |
Version: 1.0
Check: installed package size
Result: NOTE
installed size is 14.8Mb
sub-directories of 1Mb or more:
libs 14.5Mb
Flavors: r-devel-linux-x86_64-fedora-clang, r-release-macos-arm64, r-release-macos-x86_64, r-oldrel-macos-arm64, r-oldrel-macos-x86_64