CRAN Package Check Results for Package mmsample

Last updated on 2021-12-04 21:53:14 CET.

Flavor Version Tinstall Tcheck Ttotal Status Flags
r-devel-linux-x86_64-debian-clang 0.1 24.12 33.65 57.77 NOTE
r-devel-linux-x86_64-debian-gcc 0.1 20.84 26.94 47.78 NOTE
r-devel-linux-x86_64-fedora-clang 0.1 87.47 NOTE
r-devel-linux-x86_64-fedora-gcc 0.1 70.43 NOTE
r-devel-windows-x86_64-new-UL 0.1 41.00 83.00 124.00 NOTE
r-devel-windows-x86_64-new-TK 0.1 NOTE
r-devel-windows-x86_64-old 0.1 38.00 43.00 81.00 NOTE
r-patched-linux-x86_64 0.1 24.15 25.21 49.36 NOTE
r-release-linux-x86_64 0.1 26.72 25.01 51.73 NOTE
r-release-macos-arm64 0.1 NOTE
r-release-macos-x86_64 0.1 NOTE
r-release-windows-ix86+x86_64 0.1 74.00 68.00 142.00 NOTE
r-oldrel-macos-x86_64 0.1 OK
r-oldrel-windows-ix86+x86_64 0.1 71.00 69.00 140.00 OK

Check Details

Version: 0.1
Check: LazyData
Result: NOTE
     'LazyData' is specified without a 'data' directory
Flavors: r-devel-linux-x86_64-debian-clang, r-devel-linux-x86_64-debian-gcc, r-devel-linux-x86_64-fedora-clang, r-devel-linux-x86_64-fedora-gcc, r-devel-windows-x86_64-new-UL, r-devel-windows-x86_64-new-TK, r-devel-windows-x86_64-old, r-patched-linux-x86_64, r-release-linux-x86_64, r-release-macos-arm64, r-release-macos-x86_64, r-release-windows-ix86+x86_64