Last updated on 2023-06-03 21:55:47 CEST.
Flavor | Version | Tinstall | Tcheck | Ttotal | Status | Flags |
---|---|---|---|---|---|---|
r-devel-linux-x86_64-debian-clang | 0.2.2 | 388.53 | 141.46 | 529.99 | OK | |
r-devel-linux-x86_64-debian-gcc | 0.2.2 | 344.63 | 116.89 | 461.52 | OK | |
r-devel-linux-x86_64-fedora-clang | 0.2.2 | 687.01 | NOTE | |||
r-devel-linux-x86_64-fedora-gcc | 0.2.2 | 799.72 | OK | |||
r-devel-windows-x86_64 | 0.2.2 | 290.00 | 190.00 | 480.00 | NOTE | |
r-patched-linux-x86_64 | 0.2.2 | OK | ||||
r-release-linux-x86_64 | 0.2.2 | 273.05 | 147.68 | 420.73 | OK | |
r-release-macos-arm64 | 0.2.2 | 230.00 | NOTE | |||
r-release-macos-x86_64 | 0.2.2 | 392.00 | NOTE | |||
r-release-windows-x86_64 | 0.2.2 | 385.00 | 254.00 | 639.00 | NOTE | |
r-oldrel-macos-arm64 | 0.2.2 | 186.00 | NOTE | |||
r-oldrel-macos-x86_64 | 0.2.2 | 238.00 | NOTE | |||
r-oldrel-windows-x86_64 | 0.2.2 | 350.00 | 217.00 | 567.00 | NOTE |
Version: 0.2.2
Check: installed package size
Result: NOTE
installed size is 11.4Mb
sub-directories of 1Mb or more:
doc 5.9Mb
libs 4.9Mb
Flavors: r-devel-linux-x86_64-fedora-clang, r-devel-windows-x86_64, r-release-macos-arm64, r-release-macos-x86_64, r-release-windows-x86_64, r-oldrel-macos-arm64, r-oldrel-macos-x86_64, r-oldrel-windows-x86_64