Last updated on 2023-12-04 20:10:05 CET.
Flavor | Version | Tinstall | Tcheck | Ttotal | Status | Flags |
---|---|---|---|---|---|---|
r-devel-linux-x86_64-debian-clang | 0.1.1 | 373.83 | 90.62 | 464.45 | OK | |
r-devel-linux-x86_64-debian-gcc | 0.1.1 | 242.33 | 57.78 | 300.11 | OK | |
r-devel-linux-x86_64-fedora-clang | 0.1.1 | 701.05 | OK | |||
r-devel-linux-x86_64-fedora-gcc | 0.1.1 | 706.61 | OK | |||
r-devel-windows-x86_64 | 0.1.1 | 265.00 | 104.00 | 369.00 | OK | |
r-patched-linux-x86_64 | 0.1.1 | 251.82 | 79.39 | 331.21 | OK | |
r-release-linux-x86_64 | 0.1.1 | 230.49 | 77.60 | 308.09 | OK | |
r-release-macos-arm64 | 0.1.1 | 153.00 | NOTE | |||
r-release-macos-x86_64 | 0.1.1 | 249.00 | NOTE | |||
r-release-windows-x86_64 | 0.1.1 | 346.00 | 132.00 | 478.00 | OK | |
r-oldrel-macos-arm64 | 0.1.1 | 129.00 | NOTE | |||
r-oldrel-macos-x86_64 | 0.1.1 | 165.00 | NOTE | |||
r-oldrel-windows-x86_64 | 0.1.1 | 341.00 | 128.00 | 469.00 | OK |
Version: 0.1.1
Check: installed package size
Result: NOTE
installed size is 17.6Mb
sub-directories of 1Mb or more:
doc 1.3Mb
libs 15.9Mb
Flavors: r-release-macos-arm64, r-release-macos-x86_64, r-oldrel-macos-arm64, r-oldrel-macos-x86_64