CRAN Package Check Results for Package mmb

Last updated on 2024-02-26 14:56:10 CET.

Flavor Version Tinstall Tcheck Ttotal Status Flags
r-devel-linux-x86_64-debian-clang 0.13.3 4.08 124.90 128.98 NOTE
r-devel-linux-x86_64-debian-gcc 0.13.3 3.14 89.63 92.77 NOTE
r-devel-linux-x86_64-fedora-clang 0.13.3 156.87 NOTE
r-devel-linux-x86_64-fedora-gcc 0.13.3 163.87 NOTE
r-devel-windows-x86_64 0.13.3 4.00 106.00 110.00 NOTE
r-patched-linux-x86_64 0.13.3 5.05 123.82 128.87 NOTE
r-release-linux-x86_64 0.13.3 2.35 124.24 126.59 NOTE
r-release-macos-arm64 0.13.3 48.00 NOTE
r-release-macos-x86_64 0.13.3 86.00 NOTE
r-release-windows-x86_64 0.13.3 5.00 148.00 153.00 NOTE
r-oldrel-macos-arm64 0.13.3 44.00 NOTE
r-oldrel-windows-x86_64 0.13.3 6.00 136.00 142.00 NOTE

Check Details

Version: 0.13.3
Check: LazyData
Result: NOTE 'LazyData' is specified without a 'data' directory Flavors: r-devel-linux-x86_64-debian-clang, r-devel-linux-x86_64-debian-gcc, r-devel-linux-x86_64-fedora-clang, r-devel-linux-x86_64-fedora-gcc, r-devel-windows-x86_64, r-patched-linux-x86_64, r-release-linux-x86_64, r-release-macos-arm64, r-release-macos-x86_64, r-release-windows-x86_64, r-oldrel-macos-arm64, r-oldrel-windows-x86_64

Version: 0.13.3
Check: dependencies in R code
Result: NOTE Namespaces in Imports field not imported from: ‘datasets’ ‘doParallel’ ‘parallel’ All declared Imports should be used. Flavors: r-devel-linux-x86_64-fedora-clang, r-devel-linux-x86_64-fedora-gcc, r-oldrel-macos-arm64