CRAN Package Check Results for Package mlt

Last updated on 2022-01-23 17:48:21 CET.

Flavor Version Tinstall Tcheck Ttotal Status Flags
r-devel-linux-x86_64-debian-clang 1.4-0 10.39 146.98 157.37 OK
r-devel-linux-x86_64-debian-gcc 1.4-0 9.98 125.82 135.80 OK
r-devel-linux-x86_64-fedora-clang 1.4-0 190.99 NOTE
r-devel-linux-x86_64-fedora-gcc 1.4-0 175.91 OK
r-devel-windows-x86_64-new-UL 1.4-0 35.00 169.00 204.00 OK
r-devel-windows-x86_64-new-TK 1.4-0 NOTE
r-patched-linux-x86_64 1.4-0 12.55 137.77 150.32 OK
r-release-linux-x86_64 1.4-0 12.95 139.13 152.08 OK
r-release-macos-arm64 1.4-0 OK
r-release-macos-x86_64 1.4-0 OK
r-release-windows-ix86+x86_64 1.4-0 22.00 162.00 184.00 OK
r-oldrel-macos-x86_64 1.3-2 OK
r-oldrel-windows-ix86+x86_64 1.4-0 23.00 163.00 186.00 OK

Check Details

Version: 1.4-0
Check: Rd cross-references
Result: NOTE
    Undeclared package ‘nloptr’ in Rd xrefs
Flavor: r-devel-linux-x86_64-fedora-clang

Version: 1.4-0
Check: Rd cross-references
Result: NOTE
    Package unavailable to check Rd xrefs: 'nloptr'
Flavor: r-devel-windows-x86_64-new-TK