CRAN Package Check Results for Package mlrMBO

Last updated on 2022-06-26 06:50:42 CEST.

Flavor Version Tinstall Tcheck Ttotal Status Flags
r-devel-linux-x86_64-debian-clang 1.1.5 20.00 345.63 365.63 NOTE
r-devel-linux-x86_64-debian-gcc 1.1.5 15.47 250.15 265.62 NOTE
r-devel-linux-x86_64-fedora-clang 1.1.5 443.84 NOTE
r-devel-linux-x86_64-fedora-gcc 1.1.5 437.69 NOTE
r-devel-windows-x86_64 1.1.5 72.00 393.00 465.00 NOTE
r-patched-linux-x86_64 1.1.5 22.86 356.72 379.58 NOTE
r-release-linux-x86_64 1.1.5 22.63 361.59 384.22 NOTE
r-release-macos-arm64 1.1.5 223.00 NOTE
r-release-macos-x86_64 1.1.5 378.00 NOTE
r-release-windows-x86_64 1.1.5 73.00 379.00 452.00 NOTE
r-oldrel-macos-arm64 1.1.5 339.00 NOTE
r-oldrel-macos-x86_64 1.1.5 348.00 NOTE
r-oldrel-windows-ix86+x86_64 1.1.5 46.00 571.00 617.00 NOTE

Check Details

Version: 1.1.5
Check: Rd files
Result: NOTE
    checkRd: (-1) mbo_OptPath.Rd:17: Escaped LaTeX specials: \_
    checkRd: (-1) mbo_OptPath.Rd:18: Escaped LaTeX specials: \_
    checkRd: (-1) mbo_OptPath.Rd:19: Escaped LaTeX specials: \_
    checkRd: (-1) mbo_OptPath.Rd:20: Escaped LaTeX specials: \_
Flavors: r-devel-linux-x86_64-debian-clang, r-devel-linux-x86_64-debian-gcc, r-devel-linux-x86_64-fedora-clang, r-devel-linux-x86_64-fedora-gcc, r-devel-windows-x86_64

Version: 1.1.5
Check: LazyData
Result: NOTE
     'LazyData' is specified without a 'data' directory
Flavors: r-devel-linux-x86_64-debian-clang, r-devel-linux-x86_64-debian-gcc, r-devel-linux-x86_64-fedora-clang, r-devel-linux-x86_64-fedora-gcc, r-devel-windows-x86_64, r-patched-linux-x86_64, r-release-linux-x86_64, r-release-macos-arm64, r-release-macos-x86_64, r-release-windows-x86_64, r-oldrel-macos-arm64, r-oldrel-macos-x86_64, r-oldrel-windows-ix86+x86_64