CRAN Package Check Results for Package mlr3viz

Last updated on 2021-06-13 23:49:12 CEST.

Flavor Version Tinstall Tcheck Ttotal Status Flags
r-devel-linux-x86_64-debian-clang 0.5.3 6.76 179.51 186.27 NOTE
r-devel-linux-x86_64-debian-gcc 0.5.3 4.19 125.21 129.40 NOTE
r-devel-linux-x86_64-fedora-clang 0.5.3 211.84 NOTE
r-devel-linux-x86_64-fedora-gcc 0.5.3 194.33 NOTE
r-devel-windows-x86_64 0.5.3 11.00 177.00 188.00 NOTE
r-devel-windows-x86_64-gcc10-UCRT 0.5.3 NOTE
r-patched-linux-x86_64 0.5.3 6.32 160.69 167.01 NOTE
r-patched-solaris-x86 0.5.3 251.80 NOTE
r-release-linux-x86_64 0.5.3 5.98 160.70 166.68 NOTE
r-release-macos-arm64 0.5.3 NOTE
r-release-macos-x86_64 0.5.3 NOTE
r-release-windows-ix86+x86_64 0.5.3 19.00 168.00 187.00 NOTE
r-oldrel-macos-x86_64 0.5.3 OK
r-oldrel-windows-ix86+x86_64 0.5.3 26.00 173.00 199.00 OK

Check Details

Version: 0.5.3
Check: LazyData
Result: NOTE
     'LazyData' is specified without a 'data' directory
Flavors: r-devel-linux-x86_64-debian-clang, r-devel-linux-x86_64-debian-gcc, r-devel-linux-x86_64-fedora-clang, r-devel-linux-x86_64-fedora-gcc, r-devel-windows-x86_64, r-devel-windows-x86_64-gcc10-UCRT, r-patched-linux-x86_64, r-patched-solaris-x86, r-release-linux-x86_64, r-release-macos-arm64, r-release-macos-x86_64, r-release-windows-ix86+x86_64