CRAN Package Check Results for Package mlr3spatial

Last updated on 2022-06-28 22:49:33 CEST.

Flavor Version Tinstall Tcheck Ttotal Status Flags
r-devel-linux-x86_64-debian-clang 0.1.2 26.82 324.00 350.82 OK
r-devel-linux-x86_64-debian-gcc 0.1.2 21.21 230.73 251.94 OK
r-devel-linux-x86_64-fedora-clang 0.1.2 406.47 OK
r-devel-linux-x86_64-fedora-gcc 0.1.2 408.29 OK
r-devel-windows-x86_64 0.1.2 46.00 311.00 357.00 OK
r-patched-linux-x86_64 0.1.2 25.55 301.33 326.88 OK
r-release-linux-x86_64 0.1.2 23.53 300.21 323.74 OK
r-release-macos-arm64 0.1.2 94.00 ERROR
r-release-macos-x86_64 0.1.2 125.00 OK
r-release-windows-x86_64 0.1.2 35.00 304.00 339.00 OK
r-oldrel-macos-arm64 0.1.2 87.00 NOTE
r-oldrel-macos-x86_64 0.1.2 112.00 OK
r-oldrel-windows-ix86+x86_64 0.1.2 54.00 301.00 355.00 OK

Check Details

Version: 0.1.2
Check: tests
Result: ERROR
     Running ‘testthat.R’ [25s/23s]
    Running the tests in ‘tests/testthat.R’ failed.
    Last 13 lines of output:
     [ FAIL 1 | WARN 291 | SKIP 0 | PASS 156 ]
    
     ══ Failed tests ════════════════════════════════════════════════════════════════
     ── Error (test-predict_spatial.R:10:3): output format: stars ───────────────────
     Error: $ operator is invalid for atomic vectors
     Backtrace:
     ▆
     1. └─mlr3spatial::predict_spatial(task, learner, format = "stars") at test-predict_spatial.R:10:2
     2. ├─stars::st_as_stars(target_raster)
     3. └─stars:::st_as_stars.SpatRaster(target_raster)
    
     [ FAIL 1 | WARN 291 | SKIP 0 | PASS 156 ]
     Error: Test failures
     In addition: There were 11 warnings (use warnings() to see them)
     Execution halted
Flavor: r-release-macos-arm64

Version: 0.1.2
Check: re-building of vignette outputs
Result: ERROR
    Error(s) in re-building vignettes:
     ...
    --- re-building ‘benchmark.Rmd’ using rmarkdown
    --- finished re-building ‘benchmark.Rmd’
    
    --- re-building ‘mlr3spatial.Rmd’ using rmarkdown
    Quitting from lines 86-90 (mlr3spatial.Rmd)
    Error: processing vignette 'mlr3spatial.Rmd' failed with diagnostics:
    $ operator is invalid for atomic vectors
    --- failed re-building ‘mlr3spatial.Rmd’
    
    SUMMARY: processing the following file failed:
     ‘mlr3spatial.Rmd’
    
    Error: Vignette re-building failed.
    Execution halted
Flavor: r-release-macos-arm64

Version: 0.1.2
Check: package dependencies
Result: NOTE
    Package suggested but not available for checking: ‘sf’
Flavor: r-oldrel-macos-arm64

Version: 0.1.2
Check: Rd cross-references
Result: NOTE
    Package unavailable to check Rd xrefs: ‘sf’
Flavor: r-oldrel-macos-arm64