CRAN Package Check Results for Package mlr3shiny

Last updated on 2020-07-08 12:49:11 CEST.

Flavor Version Tinstall Tcheck Ttotal Status Flags
r-devel-linux-x86_64-debian-clang 0.1.1 1.94 21.40 23.34 OK
r-devel-linux-x86_64-debian-gcc 0.1.1 1.57 17.55 19.12 OK
r-devel-linux-x86_64-fedora-clang 0.1.1 39.17 NOTE
r-devel-linux-x86_64-fedora-gcc 0.1.1 28.06 NOTE
r-devel-windows-ix86+x86_64 0.1.1 9.00 34.00 43.00 OK
r-patched-linux-x86_64 0.1.1 2.21 21.31 23.52 OK
r-patched-solaris-x86 0.1.1 43.40 NOTE
r-release-linux-x86_64 0.1.1 2.12 21.49 23.61 OK
r-release-osx-x86_64 0.1.1 NOTE
r-release-windows-ix86+x86_64 0.1.1 8.00 40.00 48.00 OK
r-oldrel-osx-x86_64 0.1.1 NOTE
r-oldrel-windows-ix86+x86_64 0.1.1 30.00 66.00 96.00 OK

Check Details

Version: 0.1.1
Check: dependencies in R code
Result: NOTE
    Namespaces in Imports field not imported from:
     ‘DT’ ‘data.table’ ‘e1071’ ‘mlr3’ ‘mlr3learners’ ‘mlr3measures’ ‘plyr’
     ‘purrr’ ‘ranger’ ‘readxl’ ‘shinyWidgets’ ‘shinyalert’
     ‘shinydashboard’ ‘shinyjs’ ‘shinythemes’ ‘stats’ ‘stringr’
     All declared Imports should be used.
Flavors: r-devel-linux-x86_64-fedora-clang, r-devel-linux-x86_64-fedora-gcc, r-patched-solaris-x86, r-release-osx-x86_64, r-oldrel-osx-x86_64