CRAN Package Check Results for Package mlr3pipelines

Last updated on 2022-09-29 19:48:59 CEST.

Flavor Version Tinstall Tcheck Ttotal Status Flags
r-devel-linux-x86_64-debian-clang 0.4.2 31.55 573.27 604.82 OK
r-devel-linux-x86_64-debian-gcc 0.4.2 27.61 408.35 435.96 OK
r-devel-linux-x86_64-fedora-clang 0.4.2 727.70 NOTE
r-devel-linux-x86_64-fedora-gcc 0.4.2 707.77 OK
r-devel-windows-x86_64 0.4.2 267.00 489.00 756.00 OK
r-patched-linux-x86_64 0.4.2 55.95 508.33 564.28 OK
r-release-linux-x86_64 0.4.2 32.43 519.95 552.38 OK
r-release-macos-arm64 0.4.2 145.00 OK
r-release-macos-x86_64 0.4.2 163.00 OK
r-release-windows-x86_64 0.4.2 351.00 466.00 817.00 OK
r-oldrel-macos-arm64 0.4.2 128.00 OK
r-oldrel-macos-x86_64 0.4.2 163.00 OK
r-oldrel-windows-ix86+x86_64 0.4.2 55.00 451.00 506.00 OK

Check Details

Version: 0.4.2
Check: Rd cross-references
Result: NOTE
    Undeclared package ‘htmlwidgets’ in Rd xrefs
Flavor: r-devel-linux-x86_64-fedora-clang