Last updated on 2023-10-03 03:08:58 CEST.
Flavor | Version | Tinstall | Tcheck | Ttotal | Status | Flags |
---|---|---|---|---|---|---|
r-devel-linux-x86_64-debian-clang | 0.5.0-1 | 34.77 | 615.72 | 650.49 | OK | |
r-devel-linux-x86_64-debian-gcc | 0.5.0-1 | 28.66 | 451.49 | 480.15 | OK | |
r-devel-linux-x86_64-fedora-clang | 0.5.0-1 | 790.00 | NOTE | |||
r-devel-linux-x86_64-fedora-gcc | 0.5.0-1 | 766.09 | OK | |||
r-devel-windows-x86_64 | 0.5.0-1 | 28.00 | 351.00 | 379.00 | OK | |
r-patched-linux-x86_64 | 0.5.0-1 | 52.04 | 563.87 | 615.91 | OK | |
r-release-linux-x86_64 | 0.5.0-1 | 32.22 | 583.32 | 615.54 | OK | |
r-release-macos-arm64 | 0.5.0-1 | 144.00 | OK | |||
r-release-macos-x86_64 | 0.5.0-1 | 410.00 | OK | |||
r-release-windows-x86_64 | 0.5.0-1 | 40.00 | 476.00 | 516.00 | OK | |
r-oldrel-macos-arm64 | 0.5.0-1 | 140.00 | OK | |||
r-oldrel-macos-x86_64 | 0.5.0-1 | 175.00 | OK | |||
r-oldrel-windows-x86_64 | 0.5.0-1 | 41.00 | 411.00 | 452.00 | OK |
Version: 0.5.0-1
Check: Rd cross-references
Result: NOTE
Undeclared package ‘htmlwidgets’ in Rd xrefs
Flavor: r-devel-linux-x86_64-fedora-clang