Last updated on 2023-04-02 00:57:40 CEST.
Flavor | Version | Tinstall | Tcheck | Ttotal | Status | Flags |
---|---|---|---|---|---|---|
r-devel-linux-x86_64-debian-clang | 0.4.3 | 43.17 | 589.28 | 632.45 | OK | |
r-devel-linux-x86_64-debian-gcc | 0.4.3 | 28.74 | 429.38 | 458.12 | OK | |
r-devel-linux-x86_64-fedora-clang | 0.4.3 | 732.65 | NOTE | |||
r-devel-linux-x86_64-fedora-gcc | 0.4.3 | 744.88 | OK | |||
r-devel-windows-x86_64 | 0.4.3 | 56.00 | 524.00 | 580.00 | OK | |
r-patched-linux-x86_64 | 0.4.3 | 48.02 | 547.32 | 595.34 | OK | |
r-release-linux-x86_64 | 0.4.3 | 31.87 | 526.86 | 558.73 | OK | |
r-release-macos-arm64 | 0.4.3 | 114.00 | OK | |||
r-release-macos-x86_64 | 0.4.3 | 167.00 | OK | |||
r-release-windows-x86_64 | 0.4.3 | 355.00 | 488.00 | 843.00 | OK | |
r-oldrel-macos-arm64 | 0.4.3 | 109.00 | OK | |||
r-oldrel-macos-x86_64 | 0.4.3 | 171.00 | OK | |||
r-oldrel-windows-ix86+x86_64 | 0.4.3 | 52.00 | 470.00 | 522.00 | OK |
Version: 0.4.3
Check: Rd cross-references
Result: NOTE
Undeclared package ‘htmlwidgets’ in Rd xrefs
Flavor: r-devel-linux-x86_64-fedora-clang