CRAN Package Check Results for Package mlr3misc

Last updated on 2020-09-22 06:47:33 CEST.

Flavor Version Tinstall Tcheck Ttotal Status Flags
r-devel-linux-x86_64-debian-clang 0.5.0 5.65 43.13 48.78 OK
r-devel-linux-x86_64-debian-gcc 0.5.0 0.45 2.48 2.93 ERROR
r-devel-linux-x86_64-fedora-clang 0.5.0 70.48 NOTE
r-devel-linux-x86_64-fedora-gcc 0.5.0 58.46 OK
r-devel-windows-ix86+x86_64 0.5.0 16.00 75.00 91.00 OK
r-patched-linux-x86_64 0.5.0 5.35 41.93 47.28 OK
r-patched-solaris-x86 0.5.0 80.60 OK
r-release-linux-x86_64 0.5.0 6.02 42.56 48.58 OK
r-release-macos-x86_64 0.5.0 OK
r-release-windows-ix86+x86_64 0.5.0 15.00 92.00 107.00 OK
r-oldrel-macos-x86_64 0.5.0 OK
r-oldrel-windows-ix86+x86_64 0.5.0 10.00 65.00 75.00 OK

Check Details

Version: 0.5.0
Check: whether package can be installed
Result: ERROR
    Installation failed.
Flavor: r-devel-linux-x86_64-debian-gcc

Version: 0.5.0
Check: package dependencies
Result: NOTE
    Suggests orphaned package: ‘bibtex’
Flavor: r-devel-linux-x86_64-fedora-clang