Last updated on 2023-04-02 00:57:40 CEST.
Flavor | Version | Tinstall | Tcheck | Ttotal | Status | Flags |
---|---|---|---|---|---|---|
r-devel-linux-x86_64-debian-clang | 0.11.0 | 9.43 | 69.37 | 78.80 | OK | |
r-devel-linux-x86_64-debian-gcc | 0.11.0 | 6.63 | 50.66 | 57.29 | OK | |
r-devel-linux-x86_64-fedora-clang | 0.11.0 | 96.60 | OK | |||
r-devel-linux-x86_64-fedora-gcc | 0.11.0 | 92.92 | OK | |||
r-devel-windows-x86_64 | 0.11.0 | 19.00 | 112.00 | 131.00 | OK | |
r-patched-linux-x86_64 | 0.11.0 | 14.37 | 63.81 | 78.18 | OK | |
r-release-linux-x86_64 | 0.11.0 | 9.65 | 62.36 | 72.01 | OK | |
r-release-macos-arm64 | 0.11.0 | 40.00 | OK | |||
r-release-macos-x86_64 | 0.11.0 | 49.00 | OK | |||
r-release-windows-x86_64 | 0.11.0 | 106.00 | 106.00 | 212.00 | OK | |
r-oldrel-macos-arm64 | 0.11.0 | 27.00 | OK | |||
r-oldrel-macos-x86_64 | 0.11.0 | 50.00 | OK | |||
r-oldrel-windows-ix86+x86_64 | 0.11.0 | 20.00 | 140.00 | 160.00 | WARN |
Version: 0.11.0
Check: for unstated dependencies in ‘tests’
Result: WARN
Warning: unable to access index for repository https://bioconductor.org/packages/3.14/bioc/src/contrib:
cannot open URL 'https://bioconductor.org/packages/3.14/bioc/src/contrib/PACKAGES'
Warning: unable to access index for repository https://bioconductor.org/packages/3.14/data/annotation/src/contrib:
cannot open URL 'https://bioconductor.org/packages/3.14/data/annotation/src/contrib/PACKAGES'
Warning: unable to access index for repository https://bioconductor.org/packages/3.14/data/experiment/src/contrib:
cannot open URL 'https://bioconductor.org/packages/3.14/data/experiment/src/contrib/PACKAGES'
Flavor: r-oldrel-windows-ix86+x86_64