CRAN Package Check Results for Package mlr3misc

Last updated on 2022-10-05 21:53:39 CEST.

Flavor Version Tinstall Tcheck Ttotal Status Flags
r-devel-linux-x86_64-debian-clang 0.11.0 12.11 68.04 80.15 OK
r-devel-linux-x86_64-debian-gcc 0.11.0 7.17 50.36 57.53 OK
r-devel-linux-x86_64-fedora-clang 0.11.0 110.33 OK
r-devel-linux-x86_64-fedora-gcc 0.11.0 106.01 OK
r-devel-windows-x86_64 0.11.0 61.00 107.00 168.00 OK
r-patched-linux-x86_64 0.11.0 11.33 62.95 74.28 OK
r-release-linux-x86_64 0.11.0 9.93 61.84 71.77 OK
r-release-macos-arm64 0.11.0 38.00 OK
r-release-macos-x86_64 0.11.0 49.00 OK
r-release-windows-x86_64 0.11.0 103.00 94.00 197.00 OK
r-oldrel-macos-arm64 0.11.0 27.00 OK
r-oldrel-macos-x86_64 0.11.0 50.00 OK
r-oldrel-windows-ix86+x86_64 0.11.0 22.00 129.00 151.00 WARN

Check Details

Version: 0.11.0
Check: for unstated dependencies in ‘tests’
Result: WARN
    Warning: unable to access index for repository https://bioconductor.org/packages/3.14/bioc/src/contrib:
     cannot open URL 'https://bioconductor.org/packages/3.14/bioc/src/contrib/PACKAGES'
    Warning: unable to access index for repository https://bioconductor.org/packages/3.14/data/annotation/src/contrib:
     cannot open URL 'https://bioconductor.org/packages/3.14/data/annotation/src/contrib/PACKAGES'
    Warning: unable to access index for repository https://bioconductor.org/packages/3.14/data/experiment/src/contrib:
     cannot open URL 'https://bioconductor.org/packages/3.14/data/experiment/src/contrib/PACKAGES'
Flavor: r-oldrel-windows-ix86+x86_64