CRAN Package Check Results for Package mlr3misc

Last updated on 2020-07-15 00:46:58 CEST.

Flavor Version Tinstall Tcheck Ttotal Status Flags
r-devel-linux-x86_64-debian-clang 0.3.0 5.55 44.36 49.91 OK
r-devel-linux-x86_64-debian-gcc 0.3.0 4.63 34.03 38.66 OK
r-devel-linux-x86_64-fedora-clang 0.3.0 68.51 OK
r-devel-linux-x86_64-fedora-gcc 0.3.0 61.56 OK
r-devel-windows-ix86+x86_64 0.3.0 20.00 101.00 121.00 OK
r-patched-linux-x86_64 0.3.0 5.44 42.40 47.84 OK
r-patched-solaris-x86 0.3.0 80.20 OK
r-release-linux-x86_64 0.3.0 5.46 43.81 49.27 OK
r-release-macos-x86_64 0.3.0 FAIL
r-release-windows-ix86+x86_64 0.3.0 20.00 96.00 116.00 OK
r-oldrel-macos-x86_64 0.3.0 OK
r-oldrel-windows-ix86+x86_64 0.3.0 34.00 94.00 128.00 OK

Check Details

Version: 0.3.0
Check: DESCRIPTION meta-information
Result: FAIL
Flavor: r-release-macos-x86_64