Last updated on 2022-05-23 21:53:17 CEST.
Flavor | Version | Tinstall | Tcheck | Ttotal | Status | Flags |
---|---|---|---|---|---|---|
r-devel-linux-x86_64-debian-clang | 0.4.1 | 7.33 | 363.05 | 370.38 | OK | |
r-devel-linux-x86_64-debian-gcc | 0.4.1 | 4.76 | 255.44 | 260.20 | OK | |
r-devel-linux-x86_64-fedora-clang | 0.4.1 | 395.06 | NOTE | |||
r-devel-linux-x86_64-fedora-gcc | 0.4.1 | 390.06 | OK | |||
r-devel-windows-x86_64 | 0.4.1 | 18.00 | 232.00 | 250.00 | OK | |
r-patched-linux-x86_64 | 0.4.1 | 9.91 | 319.07 | 328.98 | OK | |
r-release-linux-x86_64 | 0.4.1 | OK | ||||
r-release-macos-arm64 | 0.4.1 | 81.00 | OK | |||
r-release-macos-x86_64 | 0.4.1 | 105.00 | OK | |||
r-release-windows-x86_64 | 0.4.1 | 35.00 | 239.00 | 274.00 | OK | |
r-oldrel-macos-arm64 | 0.4.1 | 81.00 | OK | |||
r-oldrel-macos-x86_64 | 0.4.1 | 83.00 | OK | |||
r-oldrel-windows-ix86+x86_64 | 0.4.1 | 15.00 | 259.00 | 274.00 | OK |
Version: 0.4.1
Check: Rd cross-references
Result: NOTE
Undeclared package ‘future’ in Rd xrefs
Flavor: r-devel-linux-x86_64-fedora-clang