CRAN Package Check Results for Package mlr3cluster

Last updated on 2021-08-05 10:51:59 CEST.

Flavor Version Tinstall Tcheck Ttotal Status Flags
r-devel-linux-x86_64-debian-clang 0.1.1 21.54 73.63 95.17 OK
r-devel-linux-x86_64-debian-gcc 0.1.1 14.60 54.72 69.32 OK
r-devel-linux-x86_64-fedora-clang 0.1.1 118.37 OK
r-devel-linux-x86_64-fedora-gcc 0.1.1 107.76 OK
r-devel-windows-x86_64 0.1.1 29.00 94.00 123.00 OK
r-devel-windows-x86_64-gcc10-UCRT 0.1.1 NOTE
r-patched-linux-x86_64 0.1.1 22.09 67.42 89.51 OK
r-patched-solaris-x86 0.1.1 158.30 NOTE
r-release-linux-x86_64 0.1.1 17.67 68.42 86.09 OK
r-release-macos-arm64 0.1.1 ERROR
r-release-macos-x86_64 0.1.1 OK
r-release-windows-ix86+x86_64 0.1.1 31.00 65.00 96.00 OK
r-oldrel-macos-x86_64 0.1.1 OK
r-oldrel-windows-ix86+x86_64 0.1.1 18.00 91.00 109.00 OK

Check Details

Version: 0.1.1
Check: package dependencies
Result: NOTE
    Packages suggested but not available for checking: 'ClusterR', 'testthat'
Flavor: r-devel-windows-x86_64-gcc10-UCRT

Version: 0.1.1
Check: Rd cross-references
Result: NOTE
    Package unavailable to check Rd xrefs: 'ClusterR'
Flavor: r-devel-windows-x86_64-gcc10-UCRT

Version: 0.1.1
Check: package dependencies
Result: NOTE
    Package suggested but not available for checking: ‘RWeka’
Flavor: r-patched-solaris-x86

Version: 0.1.1
Check: tests
Result: ERROR
     Running ‘testthat.R’ [3s/4s]
    Running the tests in ‘tests/testthat.R’ failed.
    Complete output:
     > if (requireNamespace("testthat", quietly = TRUE)) {
     + library(checkmate)
     + library(testthat)
     + library(mlr3)
     + library(mlr3cluster)
     +
     + test_check("mlr3cluster")
     + }
Flavor: r-release-macos-arm64