Last updated on 2021-04-15 23:48:06 CEST.
Flavor | Version | Tinstall | Tcheck | Ttotal | Status | Flags |
---|---|---|---|---|---|---|
r-devel-linux-x86_64-debian-clang | 0.1.1 | 4.96 | 66.11 | 71.07 | OK | |
r-devel-linux-x86_64-debian-gcc | 0.1.1 | 4.07 | 49.96 | 54.03 | OK | |
r-devel-linux-x86_64-fedora-clang | 0.1.1 | 98.64 | OK | |||
r-devel-linux-x86_64-fedora-gcc | 0.1.1 | 90.63 | OK | |||
r-devel-windows-ix86+x86_64 | 0.1.1 | 15.00 | 6.00 | 21.00 | ERROR | |
r-devel-windows-x86_64-gcc10-UCRT | 0.1.1 | OK | ||||
r-patched-linux-x86_64 | 0.1.1 | 6.20 | 60.21 | 66.41 | OK | |
r-patched-solaris-x86 | 0.1.1 | 115.50 | OK | |||
r-release-linux-x86_64 | 0.1.1 | 5.85 | 60.81 | 66.66 | OK | |
r-release-macos-x86_64 | 0.1.1 | OK | ||||
r-release-windows-ix86+x86_64 | 0.1.1 | 25.00 | 88.00 | 113.00 | OK | |
r-oldrel-macos-x86_64 | 0.1.1 | OK | ||||
r-oldrel-windows-ix86+x86_64 | 0.1.1 | 10.00 | 58.00 | 68.00 | OK |
Version: 0.1.1
Check: whether package can be installed
Result: ERROR
Installation failed.
See *
Flavor: r-devel-windows-ix86+x86_64