CRAN Package Check Results for Package mlr3

Last updated on 2021-06-18 22:54:34 CEST.

Flavor Version Tinstall Tcheck Ttotal Status Flags
r-devel-linux-x86_64-debian-clang 0.11.0 28.98 297.18 326.16 NOTE
r-devel-linux-x86_64-debian-gcc 0.11.0 27.72 210.93 238.65 NOTE
r-devel-linux-x86_64-fedora-clang 0.11.0 381.48 NOTE
r-devel-linux-x86_64-fedora-gcc 0.11.0 371.52 NOTE
r-devel-windows-x86_64 0.11.0 45.00 327.00 372.00 NOTE
r-devel-windows-x86_64-gcc10-UCRT 0.11.0 NOTE
r-patched-linux-x86_64 0.11.0 38.87 276.80 315.67 NOTE
r-patched-solaris-x86 0.11.0 461.90 NOTE
r-release-linux-x86_64 0.11.0 26.74 270.60 297.34 NOTE
r-release-macos-arm64 0.11.0 NOTE
r-release-macos-x86_64 0.11.0 NOTE
r-release-windows-ix86+x86_64 0.11.0 48.00 341.00 389.00 NOTE
r-oldrel-macos-x86_64 0.11.0 OK
r-oldrel-windows-ix86+x86_64 0.11.0 34.00 331.00 365.00 OK

Check Details

Version: 0.11.0
Check: LazyData
Result: NOTE
     'LazyData' is specified without a 'data' directory
Flavors: r-devel-linux-x86_64-debian-clang, r-devel-linux-x86_64-debian-gcc, r-devel-linux-x86_64-fedora-clang, r-devel-linux-x86_64-fedora-gcc, r-devel-windows-x86_64, r-devel-windows-x86_64-gcc10-UCRT, r-patched-linux-x86_64, r-patched-solaris-x86, r-release-linux-x86_64, r-release-macos-arm64, r-release-macos-x86_64, r-release-windows-ix86+x86_64