CRAN Package Check Results for Package mlr

Last updated on 2021-07-26 20:49:19 CEST.

Flavor Version Tinstall Tcheck Ttotal Status Flags
r-devel-linux-x86_64-debian-clang 2.19.0 1.76 3.20 4.96 ERROR
r-devel-linux-x86_64-debian-gcc 2.19.0 30.75 198.85 229.60 NOTE
r-devel-linux-x86_64-fedora-clang 2.19.0 368.52 NOTE
r-devel-linux-x86_64-fedora-gcc 2.19.0 358.09 NOTE
r-devel-windows-x86_64 2.19.0 61.00 324.00 385.00 OK
r-devel-windows-x86_64-gcc10-UCRT 2.19.0 OK
r-patched-linux-x86_64 2.19.0 50.39 252.52 302.91 NOTE
r-patched-solaris-x86 2.19.0 448.70 NOTE
r-release-linux-x86_64 2.19.0 34.05 253.07 287.12 NOTE
r-release-macos-arm64 2.19.0 NOTE
r-release-macos-x86_64 2.19.0 NOTE
r-release-windows-ix86+x86_64 2.19.0 70.00 406.00 476.00 OK
r-oldrel-macos-x86_64 2.19.0 NOTE
r-oldrel-windows-ix86+x86_64 2.19.0 52.00 419.00 471.00 OK

Check Details

Version: 2.19.0
Check: package dependencies
Result: ERROR
    Package required but not available: 'ParamHelpers'
    
    Packages suggested but not available for checking:
     'mlrMBO', 'rrlda', 'smoof'
    
    See section 'The DESCRIPTION file' in the 'Writing R Extensions'
    manual.
Flavor: r-devel-linux-x86_64-debian-clang

Version: 2.19.0
Check: package dependencies
Result: NOTE
    Package suggested but not available for checking: ‘rrlda’
Flavors: r-devel-linux-x86_64-debian-gcc, r-devel-linux-x86_64-fedora-clang, r-devel-linux-x86_64-fedora-gcc, r-patched-linux-x86_64, r-release-linux-x86_64

Version: 2.19.0
Check: installed package size
Result: NOTE
     installed size is 5.0Mb
     sub-directories of 1Mb or more:
     R 1.5Mb
     data 2.3Mb
Flavors: r-devel-linux-x86_64-fedora-clang, r-patched-solaris-x86, r-release-macos-arm64

Version: 2.19.0
Check: package dependencies
Result: NOTE
    Packages suggested but not available for checking:
     'FSelector', 'rrlda', 'RWeka'
Flavor: r-patched-solaris-x86

Version: 2.19.0
Check: package dependencies
Result: NOTE
    Package suggested but not available for checking: ‘Rmpi’
Flavors: r-release-macos-arm64, r-release-macos-x86_64, r-oldrel-macos-x86_64