Last updated on 2023-06-07 09:01:59 CEST.
Flavor | Version | Tinstall | Tcheck | Ttotal | Status | Flags |
---|---|---|---|---|---|---|
r-devel-linux-x86_64-debian-clang | 2.19.1 | 41.99 | 306.06 | 348.05 | OK | |
r-devel-linux-x86_64-debian-gcc | 2.19.1 | 34.64 | 222.12 | 256.76 | OK | |
r-devel-linux-x86_64-fedora-clang | 2.19.1 | 468.09 | OK | |||
r-devel-linux-x86_64-fedora-gcc | 2.19.1 | 447.91 | OK | |||
r-devel-windows-x86_64 | 2.19.1 | 40.00 | 282.00 | 322.00 | OK | |
r-patched-linux-x86_64 | 2.19.1 | 53.93 | 290.20 | 344.13 | OK | |
r-release-linux-x86_64 | 2.19.1 | 34.22 | 287.89 | 322.11 | OK | |
r-release-macos-arm64 | 2.19.1 | 123.00 | NOTE | |||
r-release-macos-x86_64 | 2.19.1 | 254.00 | NOTE | |||
r-release-windows-x86_64 | 2.19.1 | 48.00 | 353.00 | 401.00 | OK | |
r-oldrel-macos-arm64 | 2.19.1 | 110.00 | NOTE | |||
r-oldrel-macos-x86_64 | 2.19.1 | 136.00 | NOTE | |||
r-oldrel-windows-x86_64 | 2.19.1 | 48.00 | 285.00 | 333.00 | OK |
Version: 2.19.1
Check: package dependencies
Result: NOTE
Package suggested but not available for checking: ‘Rmpi’
Flavors: r-release-macos-arm64, r-release-macos-x86_64, r-oldrel-macos-arm64, r-oldrel-macos-x86_64
Version: 2.19.1
Check: installed package size
Result: NOTE
installed size is 5.6Mb
sub-directories of 1Mb or more:
R 2.1Mb
data 2.3Mb
Flavors: r-release-macos-arm64, r-release-macos-x86_64, r-oldrel-macos-arm64