CRAN Package Check Results for Package mlr

Last updated on 2020-06-03 07:51:19 CEST.

Flavor Version Tinstall Tcheck Ttotal Status Flags
r-devel-linux-x86_64-debian-clang 2.17.1 35.57 248.76 284.33 NOTE
r-devel-linux-x86_64-debian-gcc 2.17.1 32.14 188.85 220.99 NOTE
r-devel-linux-x86_64-fedora-clang 2.17.1 357.35 NOTE
r-devel-linux-x86_64-fedora-gcc 2.17.1 350.63 NOTE
r-devel-windows-ix86+x86_64 2.17.1 92.00 524.00 616.00 OK
r-patched-linux-x86_64 2.17.1 39.05 246.69 285.74 NOTE
r-patched-solaris-x86 2.17.1 435.50 NOTE
r-release-linux-x86_64 2.17.1 36.64 247.43 284.07 NOTE
r-release-osx-x86_64 2.17.1 NOTE
r-release-windows-ix86+x86_64 2.17.1 66.00 332.00 398.00 OK
r-oldrel-osx-x86_64 2.17.1 NOTE
r-oldrel-windows-ix86+x86_64 2.17.1 62.00 348.00 410.00 OK

Check Details

Version: 2.17.1
Check: package dependencies
Result: NOTE
    Package suggested but not available for checking: 'FDboost'
Flavors: r-devel-linux-x86_64-debian-clang, r-devel-linux-x86_64-debian-gcc, r-devel-linux-x86_64-fedora-clang, r-devel-linux-x86_64-fedora-gcc, r-patched-linux-x86_64, r-release-linux-x86_64

Version: 2.17.1
Check: Rd cross-references
Result: NOTE
    Unknown package 'FDboost' in Rd xrefs
Flavors: r-devel-linux-x86_64-debian-clang, r-devel-linux-x86_64-debian-gcc, r-devel-linux-x86_64-fedora-clang, r-devel-linux-x86_64-fedora-gcc, r-patched-linux-x86_64, r-release-linux-x86_64

Version: 2.17.1
Check: installed package size
Result: NOTE
     installed size is 5.0Mb
     sub-directories of 1Mb or more:
     R 1.5Mb
     data 2.3Mb
Flavors: r-devel-linux-x86_64-fedora-clang, r-patched-solaris-x86, r-release-osx-x86_64, r-oldrel-osx-x86_64

Version: 2.17.1
Check: package dependencies
Result: NOTE
    Packages suggested but not available for checking:
     'FDboost', 'FSelector', 'RWeka'
Flavor: r-patched-solaris-x86