CRAN Package Check Results for Package mlr

Last updated on 2024-02-29 14:54:12 CET.

Flavor Version Tinstall Tcheck Ttotal Status Flags
r-devel-linux-x86_64-debian-clang 2.19.1 38.32 310.62 348.94 NOTE
r-devel-linux-x86_64-debian-gcc 2.19.1 33.96 225.60 259.56 NOTE
r-devel-linux-x86_64-fedora-clang 2.19.1 449.90 NOTE
r-devel-linux-x86_64-fedora-gcc 2.19.1 420.25 NOTE
r-devel-windows-x86_64 2.19.1 39.00 276.00 315.00 OK
r-patched-linux-x86_64 2.19.1 56.83 299.93 356.76 NOTE
r-release-linux-x86_64 2.19.1 39.16 301.76 340.92 NOTE
r-release-macos-arm64 2.19.1 123.00 NOTE
r-release-macos-x86_64 2.19.1 254.00 NOTE
r-release-windows-x86_64 2.19.1 52.00 361.00 413.00 OK
r-oldrel-macos-arm64 2.19.1 110.00 NOTE
r-oldrel-windows-x86_64 2.19.1 52.00 294.00 346.00 OK

Check Details

Version: 2.19.1
Check: package dependencies
Result: NOTE Package suggested but not available for checking: ‘SwarmSVM’ Flavors: r-devel-linux-x86_64-debian-clang, r-devel-linux-x86_64-debian-gcc, r-devel-linux-x86_64-fedora-clang, r-devel-linux-x86_64-fedora-gcc, r-patched-linux-x86_64, r-release-linux-x86_64

Version: 2.19.1
Check: Rd files
Result: NOTE checkRd: (-1) aggregations.Rd:30: Lost braces in \itemize; meant \describe ? checkRd: (-1) aggregations.Rd:31: Lost braces in \itemize; meant \describe ? checkRd: (-1) aggregations.Rd:32: Lost braces in \itemize; meant \describe ? checkRd: (-1) aggregations.Rd:33: Lost braces in \itemize; meant \describe ? checkRd: (-1) aggregations.Rd:34: Lost braces in \itemize; meant \describe ? checkRd: (-1) aggregations.Rd:35: Lost braces in \itemize; meant \describe ? checkRd: (-1) aggregations.Rd:36: Lost braces in \itemize; meant \describe ? checkRd: (-1) aggregations.Rd:37: Lost braces in \itemize; meant \describe ? checkRd: (-1) aggregations.Rd:38: Lost braces in \itemize; meant \describe ? checkRd: (-1) aggregations.Rd:39: Lost braces in \itemize; meant \describe ? checkRd: (-1) aggregations.Rd:40: Lost braces in \itemize; meant \describe ? checkRd: (-1) aggregations.Rd:41: Lost braces in \itemize; meant \describe ? checkRd: (-1) aggregations.Rd:42: Lost braces in \itemize; meant \describe ? checkRd: (-1) aggregations.Rd:43: Lost braces in \itemize; meant \describe ? checkRd: (-1) aggregations.Rd:44-46: Lost braces in \itemize; meant \describe ? checkRd: (-1) aggregations.Rd:47-49: Lost braces in \itemize; meant \describe ? checkRd: (-1) aggregations.Rd:50-54: Lost braces in \itemize; meant \describe ? Flavors: r-devel-linux-x86_64-debian-clang, r-devel-linux-x86_64-debian-gcc, r-devel-linux-x86_64-fedora-clang, r-devel-linux-x86_64-fedora-gcc

Version: 2.19.1
Check: installed package size
Result: NOTE installed size is 5.0Mb sub-directories of 1Mb or more: R 1.4Mb data 2.3Mb Flavors: r-devel-linux-x86_64-fedora-clang, r-release-macos-arm64, r-release-macos-x86_64, r-oldrel-macos-arm64

Version: 2.19.1
Check: package dependencies
Result: NOTE Package suggested but not available for checking: ‘Rmpi’ Flavors: r-release-macos-arm64, r-release-macos-x86_64, r-oldrel-macos-arm64