Last updated on 2023-10-02 07:03:19 CEST.
Flavor | Version | Tinstall | Tcheck | Ttotal | Status | Flags |
---|---|---|---|---|---|---|
r-devel-linux-x86_64-debian-clang | 0.2.0 | 2.84 | 43.52 | 46.36 | OK | |
r-devel-linux-x86_64-debian-gcc | 0.2.0 | 2.74 | 33.38 | 36.12 | OK | |
r-devel-linux-x86_64-fedora-clang | 0.2.0 | 58.44 | NOTE | |||
r-devel-linux-x86_64-fedora-gcc | 0.2.0 | 56.75 | NOTE | |||
r-devel-windows-x86_64 | 0.2.0 | 5.00 | 62.00 | 67.00 | OK | |
r-patched-linux-x86_64 | 0.2.0 | 2.27 | 41.67 | 43.94 | OK | |
r-release-linux-x86_64 | 0.2.0 | 2.60 | 42.74 | 45.34 | OK | |
r-release-macos-arm64 | 0.2.0 | 26.00 | OK | |||
r-release-macos-x86_64 | 0.2.0 | 35.00 | OK | |||
r-release-windows-x86_64 | 0.2.0 | 11.00 | 65.00 | 76.00 | OK | |
r-oldrel-macos-arm64 | 0.2.0 | 24.00 | NOTE | |||
r-oldrel-macos-x86_64 | 0.2.0 | 40.00 | NOTE | |||
r-oldrel-windows-x86_64 | 0.2.0 | 7.00 | 66.00 | 73.00 | OK |
Version: 0.2.0
Check: dependencies in R code
Result: NOTE
Namespaces in Imports field not imported from:
‘caret’ ‘randomForest’
All declared Imports should be used.
Flavors: r-devel-linux-x86_64-fedora-clang, r-devel-linux-x86_64-fedora-gcc, r-oldrel-macos-arm64, r-oldrel-macos-x86_64