CRAN Package Check Results for Package mlmc

Last updated on 2019-09-22 19:51:24 CEST.

Flavor Version Tinstall Tcheck Ttotal Status Flags
r-devel-linux-x86_64-debian-clang 1.0.0 14.92 42.45 57.37 OK
r-devel-linux-x86_64-debian-gcc 1.0.0 11.38 32.21 43.59 OK
r-devel-linux-x86_64-fedora-clang 1.0.0 78.15 NOTE
r-devel-linux-x86_64-fedora-gcc 1.0.0 79.52 NOTE
r-devel-windows-ix86+x86_64 1.0.0 71.00 90.00 161.00 OK
r-patched-linux-x86_64 1.0.0 12.99 40.61 53.60 OK
r-patched-solaris-x86 1.0.0 102.40 OK
r-release-linux-x86_64 1.0.0 13.52 40.72 54.24 OK
r-release-windows-ix86+x86_64 1.0.0 53.00 108.00 161.00 OK
r-release-osx-x86_64 1.0.0 OK
r-oldrel-windows-ix86+x86_64 1.0.0 24.00 80.00 104.00 OK
r-oldrel-osx-x86_64 1.0.0 OK

Check Details

Version: 1.0.0
Check: compiled code
Result: NOTE
    File ‘mlmc/libs/mlmc.so’:
     Found no calls to: ‘R_registerRoutines’, ‘R_useDynamicSymbols’
    
    It is good practice to register native routines and to disable symbol
    search.
    
    See ‘Writing portable packages’ in the ‘Writing R Extensions’ manual.
Flavors: r-devel-linux-x86_64-fedora-clang, r-devel-linux-x86_64-fedora-gcc