CRAN Package Check Results for Package mlmc

Last updated on 2020-06-04 15:49:16 CEST.

Flavor Version Tinstall Tcheck Ttotal Status Flags
r-devel-linux-x86_64-debian-clang 1.0.0 20.87 48.16 69.03 OK
r-devel-linux-x86_64-debian-gcc 1.0.0 15.57 38.52 54.09 OK
r-devel-linux-x86_64-fedora-clang 1.0.0 96.51 NOTE
r-devel-linux-x86_64-fedora-gcc 1.0.0 79.89 NOTE
r-devel-windows-ix86+x86_64 1.0.0 56.00 151.00 207.00 OK
r-patched-linux-x86_64 1.0.0 15.77 47.32 63.09 OK
r-patched-solaris-x86 1.0.0 113.20 OK
r-release-linux-x86_64 1.0.0 14.75 47.33 62.08 OK
r-release-osx-x86_64 1.0.0 OK
r-release-windows-ix86+x86_64 1.0.0 45.00 94.00 139.00 OK
r-oldrel-osx-x86_64 1.0.0 OK
r-oldrel-windows-ix86+x86_64 1.0.0 59.00 100.00 159.00 OK

Check Details

Version: 1.0.0
Check: compiled code
Result: NOTE
    File ‘mlmc/libs/mlmc.so’:
     Found no calls to: ‘R_registerRoutines’, ‘R_useDynamicSymbols’
    
    It is good practice to register native routines and to disable symbol
    search.
    
    See ‘Writing portable packages’ in the ‘Writing R Extensions’ manual.
Flavors: r-devel-linux-x86_64-fedora-clang, r-devel-linux-x86_64-fedora-gcc