CRAN Package Check Results for Package mlbench

Last updated on 2019-04-24 14:47:33 CEST.

Flavor Version Tinstall Tcheck Ttotal Status Flags
r-devel-linux-x86_64-debian-clang 2.1-1 3.77 32.46 36.23 NOTE
r-devel-linux-x86_64-debian-gcc 2.1-1 2.71 26.78 29.49 NOTE
r-devel-linux-x86_64-fedora-clang 2.1-1 44.60 NOTE
r-devel-linux-x86_64-fedora-gcc 2.1-1 43.36 NOTE
r-devel-windows-ix86+x86_64 2.1-1 13.00 60.00 73.00 NOTE
r-patched-linux-x86_64 2.1-1 3.80 32.66 36.46 NOTE
r-patched-solaris-x86 2.1-1 72.40 NOTE
r-release-linux-x86_64 2.1-1 2.63 25.14 27.77 NOTE
r-release-windows-ix86+x86_64 2.1-1 6.00 66.00 72.00 NOTE
r-release-osx-x86_64 2.1-1 NOTE
r-oldrel-windows-ix86+x86_64 2.1-1 12.00 67.00 79.00 NOTE
r-oldrel-osx-x86_64 2.1-1 NOTE

Check Details

Version: 2.1-1
Check: top-level files
Result: NOTE
    Non-standard file/directory found at top level:
     'Data-Administration.R'
Flavors: r-devel-linux-x86_64-debian-clang, r-devel-linux-x86_64-debian-gcc, r-devel-linux-x86_64-fedora-clang, r-devel-linux-x86_64-fedora-gcc, r-patched-linux-x86_64, r-release-linux-x86_64

Version: 2.1-1
Check: R code for possible problems
Result: NOTE
    bayesclass.mlbench.ringnorm: no visible global function definition for
     'mahalanobis'
    bayesclass.mlbench.threenorm: no visible global function definition for
     'mahalanobis'
    mlbench.1spiral: no visible global function definition for 'rnorm'
    mlbench.2dnormals: no visible global function definition for 'rnorm'
    mlbench.cassini: no visible global function definition for 'runif'
    mlbench.circle: no visible global function definition for 'runif'
    mlbench.cuboids: no visible global function definition for 'runif'
    mlbench.friedman1: no visible global function definition for 'runif'
    mlbench.friedman1: no visible global function definition for 'rnorm'
    mlbench.friedman2: no visible global function definition for 'runif'
    mlbench.friedman2: no visible global function definition for 'rnorm'
    mlbench.friedman3: no visible global function definition for 'runif'
    mlbench.friedman3: no visible global function definition for 'rnorm'
    mlbench.hypercube: no visible global function definition for 'rnorm'
    mlbench.peak: no visible global function definition for 'runif'
    mlbench.peak: no visible global function definition for 'rnorm'
    mlbench.ringnorm: no visible global function definition for 'rnorm'
    mlbench.shapes: no visible global function definition for 'rnorm'
    mlbench.shapes: no visible global function definition for 'runif'
    mlbench.simplex: no visible global function definition for 'rnorm'
    mlbench.smiley: no visible global function definition for 'rnorm'
    mlbench.smiley: no visible global function definition for 'runif'
    mlbench.threenorm: no visible global function definition for 'runif'
    mlbench.threenorm: no visible global function definition for 'rnorm'
    mlbench.twonorm: no visible global function definition for 'rnorm'
    mlbench.xor: no visible global function definition for 'runif'
    plot.mlbench: no visible global function definition for 'pairs'
    plot.mlbench: no visible global function definition for 'plot'
    Undefined global functions or variables:
     mahalanobis pairs plot rnorm runif
    Consider adding
     importFrom("graphics", "pairs", "plot")
     importFrom("stats", "mahalanobis", "rnorm", "runif")
    to your NAMESPACE file.
Flavors: r-devel-linux-x86_64-debian-clang, r-devel-linux-x86_64-debian-gcc, r-devel-linux-x86_64-fedora-clang, r-devel-linux-x86_64-fedora-gcc, r-devel-windows-ix86+x86_64, r-patched-linux-x86_64, r-patched-solaris-x86, r-release-linux-x86_64, r-release-windows-ix86+x86_64, r-release-osx-x86_64, r-oldrel-windows-ix86+x86_64, r-oldrel-osx-x86_64

Version: 2.1-1
Check: compiled code
Result: NOTE
    File ‘mlbench/libs/mlbench.so’:
     Found no calls to: ‘R_registerRoutines’, ‘R_useDynamicSymbols’
    
    It is good practice to register native routines and to disable symbol
    search.
    
    See ‘Writing portable packages’ in the ‘Writing R Extensions’ manual.
Flavors: r-devel-linux-x86_64-fedora-clang, r-devel-linux-x86_64-fedora-gcc