CRAN Package Check Results for Package mizer

Last updated on 2024-02-25 07:49:53 CET.

Flavor Version Tinstall Tcheck Ttotal Status Flags
r-devel-linux-x86_64-debian-clang 2.5.0 38.99 258.50 297.49 NOTE
r-devel-linux-x86_64-debian-gcc 2.5.0 27.06 190.92 217.98 NOTE
r-devel-linux-x86_64-fedora-clang 2.5.0 360.54 NOTE
r-devel-linux-x86_64-fedora-gcc 2.5.0 350.05 NOTE
r-devel-windows-x86_64 2.5.0 32.00 235.00 267.00 NOTE --no-vignettes
r-patched-linux-x86_64 2.5.0 30.81 252.34 283.15 OK
r-release-linux-x86_64 2.5.0 24.53 246.38 270.91 OK
r-release-macos-arm64 2.5.0 90.00 OK
r-release-macos-x86_64 2.5.0 191.00 OK
r-release-windows-x86_64 2.5.0 42.00 284.00 326.00 OK --no-vignettes
r-oldrel-macos-arm64 2.5.0 93.00 OK
r-oldrel-windows-x86_64 2.5.0 41.00 293.00 334.00 OK --no-vignettes

Check Details

Version: 2.5.0
Check: package vignettes
Result: NOTE Package has ‘vignettes’ subdirectory but apparently no vignettes. Perhaps the ‘VignetteBuilder’ information is missing from the DESCRIPTION file? Flavors: r-devel-linux-x86_64-debian-clang, r-devel-linux-x86_64-debian-gcc, r-devel-linux-x86_64-fedora-clang, r-devel-linux-x86_64-fedora-gcc

Version: 2.5.0
Flags: --no-vignettes
Check: package vignettes
Result: NOTE Package has 'vignettes' subdirectory but apparently no vignettes. Perhaps the 'VignetteBuilder' information is missing from the DESCRIPTION file? Flavor: r-devel-windows-x86_64