CRAN Package Check Results for Package mize

Last updated on 2022-06-30 02:52:29 CEST.

Flavor Version Tinstall Tcheck Ttotal Status Flags
r-devel-linux-x86_64-debian-clang 0.2.4 7.65 69.78 77.43 NOTE
r-devel-linux-x86_64-debian-gcc 0.2.4 5.72 53.66 59.38 NOTE
r-devel-linux-x86_64-fedora-clang 0.2.4 102.93 NOTE
r-devel-linux-x86_64-fedora-gcc 0.2.4 100.64 NOTE
r-devel-windows-x86_64 0.2.4 47.00 108.00 155.00 NOTE
r-patched-linux-x86_64 0.2.4 8.59 69.80 78.39 NOTE
r-release-linux-x86_64 0.2.4 5.92 67.74 73.66 NOTE
r-release-macos-arm64 0.2.4 28.00 NOTE
r-release-macos-x86_64 0.2.4 41.00 NOTE
r-release-windows-x86_64 0.2.4 41.00 94.00 135.00 NOTE
r-oldrel-macos-arm64 0.2.4 32.00 NOTE
r-oldrel-macos-x86_64 0.2.4 62.00 NOTE
r-oldrel-windows-ix86+x86_64 0.2.4 13.00 93.00 106.00 NOTE

Check Details

Version: 0.2.4
Check: LazyData
Result: NOTE
     'LazyData' is specified without a 'data' directory
Flavors: r-devel-linux-x86_64-debian-clang, r-devel-linux-x86_64-debian-gcc, r-devel-linux-x86_64-fedora-clang, r-devel-linux-x86_64-fedora-gcc, r-devel-windows-x86_64, r-patched-linux-x86_64, r-release-linux-x86_64, r-release-macos-arm64, r-release-macos-x86_64, r-release-windows-x86_64, r-oldrel-macos-arm64, r-oldrel-macos-x86_64, r-oldrel-windows-ix86+x86_64