CRAN Package Check Results for Package mixvlmc

Last updated on 2024-04-13 03:52:23 CEST.

Flavor Version Tinstall Tcheck Ttotal Status Flags
r-devel-linux-x86_64-debian-clang 0.2.1 128.96 993.23 1122.19 OK
r-devel-linux-x86_64-debian-gcc 0.2.1 87.88 758.17 846.05 OK
r-devel-linux-x86_64-fedora-clang 0.2.1 1534.10 OK
r-devel-linux-x86_64-fedora-gcc 0.2.1 1476.73 OK
r-devel-windows-x86_64 0.2.1 93.00 510.00 603.00 OK
r-patched-linux-x86_64 0.2.1 108.07 1047.46 1155.53 OK
r-release-linux-x86_64 0.2.1 120.22 1082.70 1202.92 OK
r-release-macos-arm64 0.2.1 502.00 NOTE
r-release-macos-x86_64 0.2.1 633.00 NOTE
r-release-windows-x86_64 0.2.1 117.00 755.00 872.00 OK
r-oldrel-macos-arm64 0.2.1 379.00 NOTE
r-oldrel-windows-x86_64 0.2.1 110.00 736.00 846.00 OK

Check Details

Version: 0.2.1
Check: installed package size
Result: NOTE installed size is 8.0Mb sub-directories of 1Mb or more: data 2.0Mb libs 4.4Mb Flavors: r-release-macos-arm64, r-release-macos-x86_64, r-oldrel-macos-arm64