CRAN Package Check Results for Package mixtur

Last updated on 2022-01-27 19:51:05 CET.

Flavor Version Tinstall Tcheck Ttotal Status Flags
r-devel-linux-x86_64-debian-clang 1.2.0 9.42 74.26 83.68 OK
r-devel-linux-x86_64-debian-gcc 1.2.0 8.01 56.00 64.01 OK
r-devel-linux-x86_64-fedora-clang 1.2.0 99.92 NOTE
r-devel-linux-x86_64-fedora-gcc 1.2.0 88.26 NOTE
r-devel-windows-x86_64-new-UL 1.2.0 32.00 89.00 121.00 OK
r-devel-windows-x86_64-new-TK 1.2.0 NOTE
r-patched-linux-x86_64 1.2.0 10.29 68.78 79.07 OK
r-release-linux-x86_64 1.2.0 10.47 68.16 78.63 OK
r-release-macos-arm64 1.2.0 NOTE
r-release-macos-x86_64 1.2.0 NOTE
r-release-windows-ix86+x86_64 1.2.0 20.00 80.00 100.00 OK
r-oldrel-macos-x86_64 1.2.0 NOTE
r-oldrel-windows-ix86+x86_64 1.2.0 21.00 80.00 101.00 OK

Check Details

Version: 1.2.0
Check: dependencies in R code
Result: NOTE
    Namespace in Imports field not imported from: ‘RColorBrewer’
     All declared Imports should be used.
Flavors: r-devel-linux-x86_64-fedora-clang, r-devel-linux-x86_64-fedora-gcc, r-devel-windows-x86_64-new-TK, r-release-macos-arm64, r-release-macos-x86_64, r-oldrel-macos-x86_64