CRAN Package Check Results for Package mixsqp

Last updated on 2019-04-23 17:51:41 CEST.

Flavor Version Tinstall Tcheck Ttotal Status Flags
r-devel-linux-x86_64-debian-clang 0.1-97 28.83 57.24 86.07 OK
r-devel-linux-x86_64-debian-gcc 0.1-97 21.79 47.75 69.54 OK
r-devel-linux-x86_64-fedora-clang 0.1-97 116.57 OK
r-devel-linux-x86_64-fedora-gcc 0.1-97 108.18 OK
r-devel-windows-ix86+x86_64 0.1-97 74.00 92.00 166.00 NOTE
r-patched-linux-x86_64 0.1-97 26.68 58.71 85.39 OK
r-patched-solaris-x86 0.1-97 186.30 NOTE
r-release-linux-x86_64 0.1-97 24.81 57.12 81.93 OK
r-release-windows-ix86+x86_64 0.1-97 61.00 118.00 179.00 NOTE
r-release-osx-x86_64 0.1-97 NOTE
r-oldrel-windows-ix86+x86_64 0.1-97 78.00 119.00 197.00 NOTE
r-oldrel-osx-x86_64 0.1-97 NOTE

Check Details

Version: 0.1-97
Check: package dependencies
Result: NOTE
    Package suggested but not available for checking: 'REBayes'
Flavors: r-devel-windows-ix86+x86_64, r-release-windows-ix86+x86_64, r-release-osx-x86_64, r-oldrel-windows-ix86+x86_64, r-oldrel-osx-x86_64

Version: 0.1-97
Check: Rd cross-references
Result: NOTE
    Package unavailable to check Rd xrefs: 'REBayes'
Flavors: r-devel-windows-ix86+x86_64, r-release-windows-ix86+x86_64, r-release-osx-x86_64, r-oldrel-windows-ix86+x86_64, r-oldrel-osx-x86_64

Version: 0.1-97
Check: package dependencies
Result: NOTE
    Packages suggested but not available for checking: 'REBayes', 'Rmosek'
Flavor: r-patched-solaris-x86

Version: 0.1-97
Check: Rd cross-references
Result: NOTE
    Packages unavailable to check Rd xrefs: ‘REBayes’, ‘Rmosek’
Flavor: r-patched-solaris-x86