CRAN Package Check Results for Package mixsqp

Last updated on 2019-07-15 22:55:09 CEST.

Flavor Version Tinstall Tcheck Ttotal Status Flags
r-devel-linux-x86_64-debian-clang 0.1-97 27.10 56.59 83.69 OK
r-devel-linux-x86_64-debian-gcc 0.1-97 22.42 47.06 69.48 OK
r-devel-linux-x86_64-fedora-clang 0.1-97 111.45 OK
r-devel-linux-x86_64-fedora-gcc 0.1-97 109.89 OK
r-devel-windows-ix86+x86_64 0.1-97 81.00 92.00 173.00 OK
r-patched-linux-x86_64 0.1-97 26.84 59.67 86.51 OK
r-patched-solaris-x86 0.1-97 197.60 NOTE
r-release-linux-x86_64 0.1-97 26.38 58.36 84.74 OK
r-release-windows-ix86+x86_64 0.1-97 59.00 125.00 184.00 NOTE
r-release-osx-x86_64 0.1-97 OK
r-oldrel-windows-ix86+x86_64 0.1-97 77.00 89.00 166.00 NOTE
r-oldrel-osx-x86_64 0.1-97 NOTE

Check Details

Version: 0.1-97
Check: package dependencies
Result: NOTE
    Packages suggested but not available for checking: 'REBayes', 'Rmosek'
Flavor: r-patched-solaris-x86

Version: 0.1-97
Check: Rd cross-references
Result: NOTE
    Packages unavailable to check Rd xrefs: ‘REBayes’, ‘Rmosek’
Flavor: r-patched-solaris-x86

Version: 0.1-97
Check: package dependencies
Result: NOTE
    Package suggested but not available for checking: 'REBayes'
Flavors: r-release-windows-ix86+x86_64, r-oldrel-windows-ix86+x86_64, r-oldrel-osx-x86_64

Version: 0.1-97
Check: Rd cross-references
Result: NOTE
    Package unavailable to check Rd xrefs: 'REBayes'
Flavors: r-release-windows-ix86+x86_64, r-oldrel-windows-ix86+x86_64, r-oldrel-osx-x86_64