CRAN Package Check Results for Package mixedCCA

Last updated on 2021-11-26 21:52:34 CET.

Flavor Version Tinstall Tcheck Ttotal Status Flags
r-devel-linux-x86_64-debian-clang 1.4.6 38.45 78.27 116.72 NOTE
r-devel-linux-x86_64-debian-gcc 1.4.6 31.93 60.88 92.81 NOTE
r-devel-linux-x86_64-fedora-clang 1.4.6 167.56 NOTE
r-devel-linux-x86_64-fedora-gcc 1.4.6 151.15 NOTE
r-devel-windows-x86_64-new-UL 1.4.6 58.00 134.00 192.00 NOTE
r-devel-windows-x86_64-new-TK 1.4.6 NOTE
r-devel-windows-x86_64-old 1.4.6 55.00 114.00 169.00 NOTE
r-patched-linux-x86_64 1.4.6 36.55 76.45 113.00 NOTE
r-patched-solaris-x86 1.4.6 192.70 NOTE
r-release-linux-x86_64 1.4.6 NOTE
r-release-macos-arm64 1.4.6 NOTE
r-release-macos-x86_64 1.4.6 NOTE
r-release-windows-ix86+x86_64 1.4.6 98.00 106.00 204.00 NOTE
r-oldrel-macos-x86_64 1.4.6 NOTE
r-oldrel-windows-ix86+x86_64 1.4.6 74.00 112.00 186.00 NOTE

Check Details

Version: 1.4.6
Check: LazyData
Result: NOTE
     'LazyData' is specified without a 'data' directory
Flavors: r-devel-linux-x86_64-debian-clang, r-devel-linux-x86_64-debian-gcc, r-devel-linux-x86_64-fedora-clang, r-devel-linux-x86_64-fedora-gcc, r-devel-windows-x86_64-new-UL, r-devel-windows-x86_64-new-TK, r-devel-windows-x86_64-old, r-patched-linux-x86_64, r-patched-solaris-x86, r-release-linux-x86_64, r-release-macos-arm64, r-release-macos-x86_64, r-release-windows-ix86+x86_64

Version: 1.4.6
Check: installed package size
Result: NOTE
     installed size is 5.2Mb
     sub-directories of 1Mb or more:
     R 4.1Mb
     libs 1.0Mb
Flavors: r-devel-linux-x86_64-fedora-clang, r-devel-windows-x86_64-new-UL, r-devel-windows-x86_64-old, r-release-macos-arm64, r-release-macos-x86_64, r-release-windows-ix86+x86_64, r-oldrel-macos-x86_64, r-oldrel-windows-ix86+x86_64