CRAN Package Check Results for Package mixKernel

Last updated on 2019-05-23 00:22:50 CEST.

Flavor Version Tinstall Tcheck Ttotal Status Flags
r-devel-linux-x86_64-debian-clang 0.3 22.66 190.65 213.31 OK
r-devel-linux-x86_64-debian-gcc 0.3 20.68 147.05 167.73 OK
r-devel-linux-x86_64-fedora-clang 0.3 249.18 OK
r-devel-linux-x86_64-fedora-gcc 0.3 241.67 OK
r-devel-windows-ix86+x86_64 0.3 40.00 248.00 288.00 OK
r-patched-linux-x86_64 0.3 21.22 184.49 205.71 OK
r-patched-solaris-x86 0.3 373.50 OK
r-release-linux-x86_64 0.3 21.12 185.46 206.58 OK
r-release-windows-ix86+x86_64 0.3 62.00 190.00 252.00 OK
r-release-osx-x86_64 0.3 ERROR
r-oldrel-windows-ix86+x86_64 0.3 26.00 173.00 199.00 OK
r-oldrel-osx-x86_64 0.3 OK

Check Details

Version: 0.3
Check: package dependencies
Result: ERROR
    Packages required but not available: 'mixOmics', 'phyloseq'
    
    See section ‘The DESCRIPTION file’ in the ‘Writing R Extensions’
    manual.
Flavor: r-release-osx-x86_64