Last updated on 2023-09-25 08:02:32 CEST.
Flavor | Version | Tinstall | Tcheck | Ttotal | Status | Flags |
---|---|---|---|---|---|---|
r-devel-linux-x86_64-debian-clang | 0.9 | 40.57 | 358.34 | 398.91 | OK | |
r-devel-linux-x86_64-debian-gcc | 0.9 | 25.72 | 260.62 | 286.34 | OK | |
r-devel-linux-x86_64-fedora-clang | 0.9 | 455.73 | OK | |||
r-devel-linux-x86_64-fedora-gcc | 0.9 | 483.69 | OK | |||
r-devel-windows-x86_64 | 0.9 | 30.00 | 257.00 | 287.00 | OK | |
r-patched-linux-x86_64 | 0.9 | 21.52 | 324.23 | 345.75 | OK | |
r-release-linux-x86_64 | 0.9 | 25.15 | 339.21 | 364.36 | OK | |
r-release-macos-arm64 | 0.9 | 7.00 | ERROR | |||
r-release-macos-x86_64 | 0.9 | 7.00 | ERROR | |||
r-release-windows-x86_64 | 0.9 | 40.00 | 328.00 | 368.00 | OK | |
r-oldrel-macos-arm64 | 0.9 | 128.00 | OK | |||
r-oldrel-macos-x86_64 | 0.9 | 189.00 | OK | |||
r-oldrel-windows-x86_64 | 0.9 | 38.00 | 298.00 | 336.00 | OK |
Version: 0.9
Check: package dependencies
Result: ERROR
Package required but not available: ‘phyloseq’
See section ‘The DESCRIPTION file’ in the ‘Writing R Extensions’
manual.
Flavors: r-release-macos-arm64, r-release-macos-x86_64