CRAN Package Check Results for Package mixAR

Last updated on 2020-10-27 17:52:47 CET.

Flavor Version Tinstall Tcheck Ttotal Status Flags
r-devel-linux-x86_64-debian-clang 0.22.4 26.71 281.67 308.38 OK
r-devel-linux-x86_64-debian-gcc 0.22.4 20.26 194.38 214.64 OK
r-devel-linux-x86_64-fedora-clang 0.22.4 358.05 OK
r-devel-linux-x86_64-fedora-gcc 0.22.4 349.60 OK
r-devel-windows-ix86+x86_64 0.22.4 43.00 318.00 361.00 OK
r-patched-linux-x86_64 0.22.4 OK
r-patched-solaris-x86 0.22.4 445.80 OK
r-release-linux-x86_64 0.22.4 20.85 259.46 280.31 OK
r-release-macos-x86_64 0.22.4 OK
r-release-windows-ix86+x86_64 0.22.4 41.00 228.00 269.00 OK
r-oldrel-macos-x86_64 0.22.4 OK
r-oldrel-windows-ix86+x86_64 0.22.4 45.00 301.00 346.00 WARN

Check Details

Version: 0.22.4
Check: Rd files
Result: WARN
    prepare_Rd: <connection>:4: unexpected END_OF_INPUT '
    '
Flavor: r-oldrel-windows-ix86+x86_64