CRAN Package Check Results for Package mixAR

Last updated on 2021-01-20 13:47:48 CET.

Flavor Version Tinstall Tcheck Ttotal Status Flags
r-devel-linux-x86_64-debian-clang 0.22.5 24.84 277.61 302.45 OK
r-devel-linux-x86_64-debian-gcc 0.22.5 20.79 193.54 214.33 OK
r-devel-linux-x86_64-fedora-clang 0.22.5 352.26 OK
r-devel-linux-x86_64-fedora-gcc 0.22.5 348.66 OK
r-devel-windows-ix86+x86_64 0.22.5 40.00 267.00 307.00 OK
r-patched-linux-x86_64 0.22.5 25.58 250.55 276.13 OK
r-patched-solaris-x86 0.22.5 448.00 OK
r-release-linux-x86_64 0.22.5 22.68 248.88 271.56 OK
r-release-macos-x86_64 0.22.5 OK
r-release-windows-ix86+x86_64 0.22.5 41.00 247.00 288.00 OK
r-oldrel-macos-x86_64 0.22.5 WARN
r-oldrel-windows-ix86+x86_64 0.22.5 31.00 209.00 240.00 WARN

Check Details

Version: 0.22.5
Check: Rd files
Result: WARN
    prepare_Rd: <connection>:4: unexpected END_OF_INPUT '
    '
Flavors: r-oldrel-macos-x86_64, r-oldrel-windows-ix86+x86_64