CRAN Package Check Results for Package mitools

Last updated on 2022-01-23 18:50:55 CET.

Flavor Version Tinstall Tcheck Ttotal Status Flags
r-devel-linux-x86_64-debian-clang 2.4 2.84 45.10 47.94 OK
r-devel-linux-x86_64-debian-gcc 2.4 2.14 37.74 39.88 OK
r-devel-linux-x86_64-fedora-clang 2.4 59.50 OK
r-devel-linux-x86_64-fedora-gcc 2.4 47.39 OK
r-devel-windows-x86_64-new-UL 2.4 30.00 74.00 104.00 OK
r-devel-windows-x86_64-new-TK 2.4 OK
r-patched-linux-x86_64 2.4 2.52 42.95 45.47 OK
r-release-linux-x86_64 2.4 2.77 43.11 45.88 OK
r-release-macos-arm64 2.4 NOTE
r-release-macos-x86_64 2.4 OK
r-release-windows-ix86+x86_64 2.4 8.00 54.00 62.00 OK
r-oldrel-macos-x86_64 2.4 OK
r-oldrel-windows-ix86+x86_64 2.4 7.00 55.00 62.00 OK

Check Details

Version: 2.4
Check: package dependencies
Result: NOTE
    Package suggested but not available for checking: ‘RODBC’
Flavor: r-release-macos-arm64