CRAN Package Check Results for Package mitml

Last updated on 2022-01-23 17:48:21 CET.

Flavor Version Tinstall Tcheck Ttotal Status Flags
r-devel-linux-x86_64-debian-clang 0.4-3 10.93 174.91 185.84 OK
r-devel-linux-x86_64-debian-gcc 0.4-3 12.96 140.76 153.72 OK
r-devel-linux-x86_64-fedora-clang 0.4-3 226.41 OK
r-devel-linux-x86_64-fedora-gcc 0.4-3 207.69 OK
r-devel-windows-x86_64-new-UL 0.4-3 58.00 200.00 258.00 OK
r-devel-windows-x86_64-new-TK 0.4-3 ERROR
r-patched-linux-x86_64 0.4-3 17.09 171.26 188.35 OK
r-release-linux-x86_64 0.4-3 11.91 167.55 179.46 OK
r-release-macos-arm64 0.4-3 OK
r-release-macos-x86_64 0.4-3 OK
r-release-windows-ix86+x86_64 0.4-3 28.00 201.00 229.00 OK
r-oldrel-macos-x86_64 0.4-3 OK
r-oldrel-windows-ix86+x86_64 0.4-3 28.00 205.00 233.00 OK

Check Details

Version: 0.4-3
Check: package dependencies
Result: ERROR
    Package required but not available: 'jomo'
    
    Package suggested but not available for checking: 'lme4'
    
    See section 'The DESCRIPTION file' in the 'Writing R Extensions'
    manual.
Flavor: r-devel-windows-x86_64-new-TK