CRAN Package Check Results for Package missingHE

Last updated on 2023-03-30 12:55:15 CEST.

Flavor Version Tinstall Tcheck Ttotal Status Flags
r-devel-linux-x86_64-debian-clang 1.5.0 35.39 618.31 653.70 OK
r-devel-linux-x86_64-debian-gcc 1.5.0 26.71 442.77 469.48 OK
r-devel-linux-x86_64-fedora-clang 1.5.0 780.25 NOTE
r-devel-linux-x86_64-fedora-gcc 1.5.0 806.62 NOTE
r-devel-windows-x86_64 1.5.0 65.00 0.00 65.00 OK
r-patched-linux-x86_64 1.5.0 40.25 593.56 633.81 OK
r-release-linux-x86_64 1.5.0 25.13 578.47 603.60 OK
r-release-macos-arm64 1.5.0 114.00 OK
r-release-macos-x86_64 1.5.0 251.00 OK
r-release-windows-x86_64 1.5.0 64.00 651.00 715.00 OK
r-oldrel-macos-arm64 1.4.1 111.00 NOTE
r-oldrel-macos-x86_64 1.4.1 204.00 NOTE
r-oldrel-windows-ix86+x86_64 1.4.1 40.00 402.00 442.00 OK

Check Details

Version: 1.5.0
Check: dependencies in R code
Result: NOTE
    Namespace in Imports field not imported from: ‘mcmcr’
     All declared Imports should be used.
Flavors: r-devel-linux-x86_64-fedora-clang, r-devel-linux-x86_64-fedora-gcc

Version: 1.4.1
Check: dependencies in R code
Result: NOTE
    Namespace in Imports field not imported from: ‘mcmcr’
     All declared Imports should be used.
Flavors: r-oldrel-macos-arm64, r-oldrel-macos-x86_64