CRAN Package Check Results for Package missSBM

Last updated on 2020-10-31 18:47:27 CET.

Flavor Version Tinstall Tcheck Ttotal Status Flags
r-devel-linux-x86_64-debian-clang 0.2.1 69.03 161.04 230.07 OK
r-devel-linux-x86_64-debian-gcc 0.2.1 54.46 115.99 170.45 OK
r-devel-linux-x86_64-fedora-clang 0.2.1 305.17 NOTE
r-devel-linux-x86_64-fedora-gcc 0.2.1 237.62 NOTE
r-devel-windows-ix86+x86_64 0.2.1 149.00 279.00 428.00 OK
r-patched-linux-x86_64 0.2.1 63.11 149.12 212.23 OK
r-patched-solaris-x86 0.2.1 368.60 OK
r-release-linux-x86_64 0.2.1 61.68 147.55 209.23 OK
r-release-macos-x86_64 0.2.1 OK
r-release-windows-ix86+x86_64 0.2.1 109.00 355.00 464.00 OK
r-oldrel-macos-x86_64 0.2.1 OK
r-oldrel-windows-ix86+x86_64 0.2.1 133.00 276.00 409.00 OK

Check Details

Version: 0.2.1
Check: top-level files
Result: NOTE
    ‘configure’: /bin/bash is not portable
Flavors: r-devel-linux-x86_64-fedora-clang, r-devel-linux-x86_64-fedora-gcc