CRAN Package Check Results for Package minval

Last updated on 2019-07-15 22:55:09 CEST.

Flavor Version Tinstall Tcheck Ttotal Status Flags
r-devel-linux-x86_64-debian-clang 0.8-1 2.86 68.32 71.18 NOTE
r-devel-linux-x86_64-debian-gcc 0.8-1 2.27 51.31 53.58 NOTE
r-devel-linux-x86_64-fedora-clang 0.8-1 86.77 NOTE
r-devel-linux-x86_64-fedora-gcc 0.8-1 82.80 NOTE
r-devel-windows-ix86+x86_64 0.8-1 8.00 88.00 96.00 OK
r-patched-linux-x86_64 0.8-1 2.44 67.06 69.50 OK
r-patched-solaris-x86 0.8-1 128.90 OK
r-release-linux-x86_64 0.8-1 2.56 66.06 68.62 OK
r-release-windows-ix86+x86_64 0.8-1 6.00 111.00 117.00 OK
r-release-osx-x86_64 0.8-1 OK
r-oldrel-windows-ix86+x86_64 0.8-1 7.00 77.00 84.00 OK
r-oldrel-osx-x86_64 0.8-1 WARN

Check Details

Version: 0.8-1
Check: for non-standard things in the check directory
Result: NOTE
    Found the following files/directories:
     'glycolysis.xml' 'glycolysis_desc.tsv' 'glycolysis_met.tsv'
     'glycolysis_react.tsv'
Flavors: r-devel-linux-x86_64-debian-clang, r-devel-linux-x86_64-debian-gcc, r-devel-linux-x86_64-fedora-clang, r-devel-linux-x86_64-fedora-gcc

Version: 0.8-1
Check: package dependencies
Result: NOTE
    Package suggested but not available for checking: ‘glpkAPI’
Flavor: r-oldrel-osx-x86_64

Version: 0.8-1
Check: re-building of vignette outputs
Result: WARN
    Error in re-building vignettes:
     ...
    Warning in engine$weave(file, quiet = quiet, encoding = enc) :
     Pandoc (>= 1.12.3) and/or pandoc-citeproc not available. Falling back to R Markdown v1.
    Loading required package: Matrix
    Loading required package: lattice
    Quitting from lines 21-25 (MINVALintroduction.Rmd)
    Error: processing vignette 'MINVALintroduction.Rmd' failed with diagnostics:
    there is no package called 'glpkAPI'
    Execution halted
Flavor: r-oldrel-osx-x86_64