CRAN Package Check Results for Package minval

Last updated on 2019-04-23 15:50:52 CEST.

Flavor Version Tinstall Tcheck Ttotal Status Flags
r-devel-linux-x86_64-debian-clang 0.8-1 2.70 70.05 72.75 OK
r-devel-linux-x86_64-debian-gcc 0.8-1 2.21 52.17 54.38 OK
r-devel-linux-x86_64-fedora-clang 0.8-1 86.44 OK
r-devel-linux-x86_64-fedora-gcc 0.8-1 82.80 OK
r-devel-windows-ix86+x86_64 0.8-1 8.00 80.00 88.00 OK
r-patched-linux-x86_64 0.8-1 3.38 66.95 70.33 OK
r-patched-solaris-x86 0.8-1 119.90 OK
r-release-linux-x86_64 0.8-1 1.62 64.49 66.11 OK
r-release-windows-ix86+x86_64 0.8-1 4.00 102.00 106.00 OK
r-release-osx-x86_64 0.8-1 WARN
r-oldrel-windows-ix86+x86_64 0.8-1 5.00 116.00 121.00 OK
r-oldrel-osx-x86_64 0.8-1 WARN

Check Details

Version: 0.8-1
Check: package dependencies
Result: NOTE
    Package suggested but not available for checking: ‘glpkAPI’
Flavors: r-release-osx-x86_64, r-oldrel-osx-x86_64

Version: 0.8-1
Check: re-building of vignette outputs
Result: WARN
    Error in re-building vignettes:
     ...
    Warning in engine$weave(file, quiet = quiet, encoding = enc) :
     Pandoc (>= 1.12.3) and/or pandoc-citeproc not available. Falling back to R Markdown v1.
    Loading required package: Matrix
    Loading required package: lattice
    Quitting from lines 21-25 (MINVALintroduction.Rmd)
    Error: processing vignette 'MINVALintroduction.Rmd' failed with diagnostics:
    there is no package called 'glpkAPI'
    Execution halted
Flavors: r-release-osx-x86_64, r-oldrel-osx-x86_64