CRAN Package Check Results for Package minimaxdesign

Last updated on 2021-12-02 23:51:13 CET.

Flavor Version Tinstall Tcheck Ttotal Status Flags
r-devel-linux-x86_64-debian-clang 0.1.5 67.68 29.20 96.88 OK
r-devel-linux-x86_64-debian-gcc 0.1.5 55.44 23.04 78.48 OK
r-devel-linux-x86_64-fedora-clang 0.1.5 163.11 NOTE
r-devel-linux-x86_64-fedora-gcc 0.1.5 142.47 NOTE
r-devel-windows-x86_64-new-UL 0.1.5 95.00 91.00 186.00 OK
r-devel-windows-x86_64-new-TK 0.1.5 NOTE
r-devel-windows-x86_64-old 0.1.5 95.00 47.00 142.00 OK
r-patched-linux-x86_64 0.1.5 64.06 28.29 92.35 OK
r-patched-solaris-x86 0.1.5 139.60 NOTE
r-release-linux-x86_64 0.1.5 63.35 28.27 91.62 OK
r-release-macos-arm64 0.1.5 NOTE
r-release-macos-x86_64 0.1.5 NOTE
r-release-windows-ix86+x86_64 0.1.5 183.00 81.00 264.00 OK
r-oldrel-macos-x86_64 0.1.5 NOTE
r-oldrel-windows-ix86+x86_64 0.1.5 186.00 73.00 259.00 OK

Check Details

Version: 0.1.5
Check: dependencies in R code
Result: NOTE
    Namespaces in Imports field not imported from:
     ‘DiceDesign’ ‘MaxPro’ ‘doSNOW’ ‘gmp’ ‘jpeg’
     All declared Imports should be used.
Flavors: r-devel-linux-x86_64-fedora-clang, r-devel-linux-x86_64-fedora-gcc, r-devel-windows-x86_64-new-TK, r-patched-solaris-x86, r-release-macos-arm64, r-release-macos-x86_64, r-oldrel-macos-x86_64