Last updated on 2023-02-02 07:53:02 CET.
Flavor | Version | Tinstall | Tcheck | Ttotal | Status | Flags |
---|---|---|---|---|---|---|
r-devel-linux-x86_64-debian-clang | 0.1.1.1 | 4.02 | 36.14 | 40.16 | NOTE | |
r-devel-linux-x86_64-debian-gcc | 0.1.1.1 | 2.98 | 28.14 | 31.12 | NOTE | |
r-devel-linux-x86_64-fedora-clang | 0.1.1.1 | 51.51 | NOTE | |||
r-devel-linux-x86_64-fedora-gcc | 0.1.1.1 | 48.82 | NOTE | |||
r-devel-windows-x86_64 | 0.1.1.1 | 14.00 | 68.00 | 82.00 | NOTE | |
r-patched-linux-x86_64 | 0.1.1.1 | 8.06 | 36.25 | 44.31 | NOTE | |
r-release-linux-x86_64 | 0.1.1.1 | 4.42 | 36.81 | 41.23 | NOTE | |
r-release-macos-arm64 | 0.1.1.1 | 20.00 | NOTE | |||
r-release-macos-x86_64 | 0.1.1.1 | 26.00 | NOTE | |||
r-release-windows-x86_64 | 0.1.1.1 | 14.00 | 71.00 | 85.00 | NOTE | |
r-oldrel-macos-arm64 | 0.1.1.1 | 23.00 | NOTE | |||
r-oldrel-macos-x86_64 | 0.1.1.1 | 37.00 | NOTE | |||
r-oldrel-windows-ix86+x86_64 | 0.1.1.1 | 12.00 | 75.00 | 87.00 | NOTE |
Version: 0.1.1.1
Check: LazyData
Result: NOTE
'LazyData' is specified without a 'data' directory
Flavors: r-devel-linux-x86_64-debian-clang, r-devel-linux-x86_64-debian-gcc, r-devel-linux-x86_64-fedora-clang, r-devel-linux-x86_64-fedora-gcc, r-devel-windows-x86_64, r-patched-linux-x86_64, r-release-linux-x86_64, r-release-macos-arm64, r-release-macos-x86_64, r-release-windows-x86_64, r-oldrel-macos-arm64, r-oldrel-macos-x86_64, r-oldrel-windows-ix86+x86_64