CRAN Package Check Results for Package miniMeta

Last updated on 2021-10-19 22:54:01 CEST.

Flavor Version Tinstall Tcheck Ttotal Status Flags
r-devel-linux-x86_64-debian-clang 0.2 11.94 97.18 109.12 OK
r-devel-linux-x86_64-debian-gcc 0.2 10.27 74.30 84.57 OK
r-devel-linux-x86_64-fedora-clang 0.2 142.82 NOTE
r-devel-linux-x86_64-fedora-gcc 0.2 132.53 NOTE
r-devel-windows-x86_64 0.2 19.00 130.00 149.00 OK
r-devel-windows-x86_64-gcc10-UCRT 0.2 NOTE
r-patched-linux-x86_64 0.2 10.95 94.11 105.06 OK
r-patched-solaris-x86 0.2 189.20 NOTE
r-release-linux-x86_64 0.2 11.85 94.97 106.82 OK
r-release-macos-arm64 0.2 NOTE
r-release-macos-x86_64 0.2 NOTE
r-release-windows-ix86+x86_64 0.2 31.00 131.00 162.00 OK
r-oldrel-macos-x86_64 0.2 NOTE
r-oldrel-windows-ix86+x86_64 0.2 27.00 132.00 159.00 OK

Additional issues

donttest

Check Details

Version: 0.2
Check: dependencies in R code
Result: NOTE
    Namespaces in Imports field not imported from:
     ‘markdown’ ‘metafor’
     All declared Imports should be used.
Flavors: r-devel-linux-x86_64-fedora-clang, r-devel-linux-x86_64-fedora-gcc, r-devel-windows-x86_64-gcc10-UCRT, r-patched-solaris-x86, r-release-macos-arm64, r-release-macos-x86_64, r-oldrel-macos-x86_64