CRAN Package Check Results for Package miniMeta

Last updated on 2020-07-11 09:49:00 CEST.

Flavor Version Tinstall Tcheck Ttotal Status Flags
r-devel-linux-x86_64-debian-clang 0.2 10.86 88.32 99.18 OK
r-devel-linux-x86_64-debian-gcc 0.2 9.33 69.38 78.71 OK
r-devel-linux-x86_64-fedora-gcc 0.2 129.12 NOTE
r-devel-windows-ix86+x86_64 0.2 24.00 151.00 175.00 OK
r-patched-linux-x86_64 0.2 10.17 88.03 98.20 OK
r-patched-solaris-x86 0.2 172.50 NOTE
r-release-linux-x86_64 0.2 11.40 87.76 99.16 OK
r-release-osx-x86_64 0.2 NOTE
r-release-windows-ix86+x86_64 0.2 26.00 125.00 151.00 OK
r-oldrel-osx-x86_64 0.2 NOTE
r-oldrel-windows-ix86+x86_64 0.2 26.00 98.00 124.00 OK

Check Details

Version: 0.2
Check: dependencies in R code
Result: NOTE
    Namespaces in Imports field not imported from:
     ‘markdown’ ‘metafor’
     All declared Imports should be used.
Flavors: r-devel-linux-x86_64-fedora-gcc, r-patched-solaris-x86, r-release-osx-x86_64, r-oldrel-osx-x86_64