CRAN Package Check Results for Package mimi

Last updated on 2024-06-14 05:58:30 CEST.

Flavor Version Tinstall Tcheck Ttotal Status Flags
r-devel-linux-x86_64-debian-clang 0.2.0 4.93 47.72 52.65 NOTE
r-devel-linux-x86_64-debian-gcc 0.2.0 0.33 1.62 1.95 ERROR
r-devel-linux-x86_64-fedora-clang 0.2.0 66.34 NOTE
r-devel-linux-x86_64-fedora-gcc 0.2.0 61.81 NOTE
r-devel-windows-x86_64 0.2.0 7.00 53.00 60.00 NOTE
r-patched-linux-x86_64 0.2.0 7.29 43.85 51.14 NOTE
r-release-linux-x86_64 0.2.0 6.42 44.57 50.99 NOTE
r-release-macos-arm64 0.2.0 23.00 NOTE
r-release-macos-x86_64 0.2.0 31.00 NOTE
r-release-windows-x86_64 0.2.0 8.00 52.00 60.00 NOTE
r-oldrel-macos-arm64 0.2.0 26.00 OK
r-oldrel-macos-x86_64 0.2.0 32.00 OK
r-oldrel-windows-x86_64 0.2.0 10.00 58.00 68.00 OK

Check Details

Version: 0.2.0
Check: Rd files
Result: NOTE checkRd: (-1) acs2016.Rd:14: Lost braces 14 | \item{BROADBND}{Cellular data plan for a smartphone or other mobile device}{1 yes 2 no} | ^ checkRd: (-1) acs2016.Rd:21: Lost braces 21 | \item{MHP}{Mobile home costs}{$, yearly} | ^ Flavors: r-devel-linux-x86_64-debian-clang, r-devel-linux-x86_64-fedora-clang, r-devel-linux-x86_64-fedora-gcc, r-devel-windows-x86_64, r-patched-linux-x86_64, r-release-linux-x86_64, r-release-macos-arm64, r-release-macos-x86_64, r-release-windows-x86_64

Version: 0.2.0
Check: package dependencies
Result: ERROR Package required but not available: ‘FactoMineR’ See section ‘The DESCRIPTION file’ in the ‘Writing R Extensions’ manual. Flavor: r-devel-linux-x86_64-debian-gcc

Version: 0.2.0
Check: dependencies in R code
Result: NOTE Namespaces in Imports field not imported from: ‘FactoMineR’ ‘softImpute’ All declared Imports should be used. Flavors: r-devel-linux-x86_64-fedora-clang, r-devel-linux-x86_64-fedora-gcc