CRAN Package Check Results for Package milorGWAS

Last updated on 2020-08-03 20:46:59 CEST.

Flavor Version Tinstall Tcheck Ttotal Status Flags
r-devel-linux-x86_64-debian-clang 0.3 59.72 89.32 149.04 OK
r-devel-linux-x86_64-debian-gcc 0.3 44.33 68.56 112.89 OK
r-devel-linux-x86_64-fedora-clang 0.3 203.71 NOTE
r-devel-linux-x86_64-fedora-gcc 0.3 183.81 OK
r-devel-windows-ix86+x86_64 0.3 142.00 121.00 263.00 OK
r-patched-linux-x86_64 0.3 45.79 86.61 132.40 OK
r-patched-solaris-x86 0.3 283.10 OK
r-release-linux-x86_64 0.3 46.11 87.89 134.00 OK
r-release-macos-x86_64 0.3 NOTE
r-release-windows-ix86+x86_64 0.3 143.00 161.00 304.00 OK
r-oldrel-macos-x86_64 0.3 NOTE
r-oldrel-windows-ix86+x86_64 0.3 94.00 165.00 259.00 OK

Check Details

Version: 0.3
Check: installed package size
Result: NOTE
     installed size is 6.8Mb
     sub-directories of 1Mb or more:
     libs 6.2Mb
Flavors: r-devel-linux-x86_64-fedora-clang, r-release-macos-x86_64, r-oldrel-macos-x86_64