CRAN Package Check Results for Package migraph

Last updated on 2022-11-28 20:50:51 CET.

Flavor Version Tinstall Tcheck Ttotal Status Flags
r-devel-linux-x86_64-debian-clang 0.12.1 20.48 250.77 271.25 OK
r-devel-linux-x86_64-debian-gcc 0.12.1 15.84 185.34 201.18 OK
r-devel-linux-x86_64-fedora-clang 0.12.1 344.32 NOTE
r-devel-linux-x86_64-fedora-gcc 0.12.1 366.08 OK
r-devel-windows-x86_64 0.12.1 45.00 301.00 346.00 NOTE
r-patched-linux-x86_64 0.12.1 15.62 234.27 249.89 OK
r-release-linux-x86_64 0.12.1 12.08 232.98 245.06 OK
r-release-macos-arm64 0.12.1 84.00 NOTE
r-release-macos-x86_64 0.12.1 118.00 NOTE
r-release-windows-x86_64 0.12.1 108.00 297.00 405.00 NOTE
r-oldrel-macos-arm64 0.12.1 82.00 NOTE
r-oldrel-macos-x86_64 0.12.1 123.00 NOTE
r-oldrel-windows-ix86+x86_64 0.12.1 35.00 290.00 325.00 NOTE

Check Details

Version: 0.12.1
Check: installed package size
Result: NOTE
     installed size is 5.1Mb
     sub-directories of 1Mb or more:
     doc 3.0Mb
Flavors: r-devel-linux-x86_64-fedora-clang, r-devel-windows-x86_64, r-release-macos-arm64, r-release-macos-x86_64, r-release-windows-x86_64, r-oldrel-macos-arm64, r-oldrel-macos-x86_64, r-oldrel-windows-ix86+x86_64