Last updated on 2023-11-30 02:52:30 CET.
Flavor | Version | Tinstall | Tcheck | Ttotal | Status | Flags |
---|---|---|---|---|---|---|
r-devel-linux-x86_64-debian-clang | 2.0.4 | 5.83 | 51.04 | 56.87 | OK | |
r-devel-linux-x86_64-debian-gcc | 2.0.4 | 4.78 | 38.78 | 43.56 | OK | |
r-devel-linux-x86_64-fedora-clang | 2.0.4 | 74.62 | NOTE | |||
r-devel-linux-x86_64-fedora-gcc | 2.0.4 | 68.77 | NOTE | |||
r-devel-windows-x86_64 | 2.0.4 | 7.00 | 70.00 | 77.00 | OK | |
r-patched-linux-x86_64 | 2.0.4 | 7.56 | 49.96 | 57.52 | OK | |
r-release-linux-x86_64 | 2.0.4 | 3.53 | 49.83 | 53.36 | OK | |
r-release-macos-arm64 | 2.0.4 | 24.00 | OK | |||
r-release-macos-x86_64 | 2.0.4 | 74.00 | OK | |||
r-release-windows-x86_64 | 2.0.4 | 9.00 | 75.00 | 84.00 | OK | |
r-oldrel-macos-arm64 | 2.0.4 | 27.00 | OK | |||
r-oldrel-macos-x86_64 | 2.0.3 | 33.00 | NOTE | |||
r-oldrel-windows-x86_64 | 2.0.4 | 9.00 | 70.00 | 79.00 | OK |
Version: 2.0.4
Check: data for non-ASCII characters
Result: NOTE
Note: found 9 marked UTF-8 strings
Flavors: r-devel-linux-x86_64-fedora-clang, r-devel-linux-x86_64-fedora-gcc
Version: 2.0.3
Check: data for non-ASCII characters
Result: NOTE
Note: found 9 marked UTF-8 strings
Flavor: r-oldrel-macos-x86_64