CRAN Package Check Results for Package migest

Last updated on 2022-08-12 08:52:10 CEST.

Flavor Version Tinstall Tcheck Ttotal Status Flags
r-devel-linux-x86_64-debian-clang 2.0.2 3.90 53.04 56.94 OK
r-devel-linux-x86_64-debian-gcc 2.0.2 4.46 39.55 44.01 OK
r-devel-linux-x86_64-fedora-clang 2.0.2 78.15 NOTE
r-devel-linux-x86_64-fedora-gcc 2.0.2 75.52 NOTE
r-devel-windows-x86_64 2.0.2 41.00 80.00 121.00 OK
r-patched-linux-x86_64 2.0.2 4.99 48.98 53.97 OK
r-release-linux-x86_64 2.0.2 3.59 47.70 51.29 OK
r-release-macos-arm64 2.0.2 24.00 NOTE
r-release-macos-x86_64 2.0.2 44.00 NOTE
r-release-windows-x86_64 2.0.2 40.00 82.00 122.00 OK
r-oldrel-macos-arm64 2.0.2 131.00 NOTE
r-oldrel-macos-x86_64 2.0.2 31.00 NOTE
r-oldrel-windows-ix86+x86_64 2.0.2 11.00 71.00 82.00 OK

Check Details

Version: 2.0.2
Check: data for non-ASCII characters
Result: NOTE
     Note: found 4 marked UTF-8 strings
Flavors: r-devel-linux-x86_64-fedora-clang, r-devel-linux-x86_64-fedora-gcc, r-release-macos-arm64, r-release-macos-x86_64, r-oldrel-macos-arm64, r-oldrel-macos-x86_64