CRAN Package Check Results for Package mifa

Last updated on 2022-01-27 19:51:05 CET.

Flavor Version Tinstall Tcheck Ttotal Status Flags
r-devel-linux-x86_64-debian-clang 0.2.0 2.51 74.54 77.05 NOTE
r-devel-linux-x86_64-debian-gcc 0.2.0 2.10 55.76 57.86 NOTE
r-devel-linux-x86_64-fedora-clang 0.2.0 91.80 NOTE
r-devel-linux-x86_64-fedora-gcc 0.2.0 80.12 NOTE
r-devel-windows-x86_64-new-UL 0.2.0 18.00 93.00 111.00 NOTE
r-devel-windows-x86_64-new-TK 0.2.0 NOTE
r-patched-linux-x86_64 0.2.0 11.29 71.46 82.75 NOTE
r-release-linux-x86_64 0.2.0 1.52 70.67 72.19 NOTE
r-release-macos-arm64 0.2.0 NOTE
r-release-macos-x86_64 0.2.0 NOTE
r-release-windows-ix86+x86_64 0.2.0 6.00 87.00 93.00 NOTE
r-oldrel-macos-x86_64 0.2.0 OK
r-oldrel-windows-ix86+x86_64 0.2.0 6.00 91.00 97.00 OK

Check Details

Version: 0.2.0
Check: LazyData
Result: NOTE
     'LazyData' is specified without a 'data' directory
Flavors: r-devel-linux-x86_64-debian-clang, r-devel-linux-x86_64-debian-gcc, r-devel-linux-x86_64-fedora-clang, r-devel-linux-x86_64-fedora-gcc, r-devel-windows-x86_64-new-UL, r-devel-windows-x86_64-new-TK, r-patched-linux-x86_64, r-release-linux-x86_64, r-release-macos-arm64, r-release-macos-x86_64, r-release-windows-ix86+x86_64