CRAN Package Check Results for Package midfieldr

Last updated on 2023-11-30 04:52:58 CET.

Flavor Version Tinstall Tcheck Ttotal Status Flags
r-devel-linux-x86_64-debian-clang 1.0.1 6.11 56.72 62.83 NOTE
r-devel-linux-x86_64-debian-gcc 1.0.1 3.64 39.23 42.87 NOTE
r-devel-linux-x86_64-fedora-clang 1.0.1 78.68 NOTE
r-devel-linux-x86_64-fedora-gcc 1.0.1 80.36 NOTE
r-devel-windows-x86_64 1.0.1 7.00 67.00 74.00 NOTE
r-patched-linux-x86_64 1.0.1 4.87 50.21 55.08 NOTE
r-release-linux-x86_64 1.0.1 3.51 50.57 54.08 NOTE
r-release-macos-arm64 1.0.1 31.00 NOTE
r-release-macos-x86_64 1.0.1 71.00 NOTE
r-release-windows-x86_64 1.0.1 8.00 73.00 81.00 NOTE
r-oldrel-macos-arm64 1.0.1 29.00 NOTE
r-oldrel-macos-x86_64 1.0.1 58.00 NOTE
r-oldrel-windows-x86_64 1.0.1 10.00 77.00 87.00 NOTE

Check Details

Version: 1.0.1
Check: package dependencies
Result: NOTE Package suggested but not available for checking: ‘midfielddata’ Flavors: r-devel-linux-x86_64-debian-clang, r-devel-linux-x86_64-debian-gcc, r-devel-linux-x86_64-fedora-clang, r-devel-linux-x86_64-fedora-gcc, r-devel-windows-x86_64, r-patched-linux-x86_64, r-release-linux-x86_64, r-release-macos-arm64, r-release-macos-x86_64, r-release-windows-x86_64, r-oldrel-macos-arm64, r-oldrel-macos-x86_64, r-oldrel-windows-x86_64