Last updated on 2023-06-06 11:57:46 CEST.
Flavor | Version | Tinstall | Tcheck | Ttotal | Status | Flags |
---|---|---|---|---|---|---|
r-devel-linux-x86_64-debian-clang | 1.4.2 | 144.92 | 81.12 | 226.04 | OK | |
r-devel-linux-x86_64-debian-gcc | 1.4.2 | 112.77 | 63.11 | 175.88 | OK | |
r-devel-linux-x86_64-fedora-clang | 1.4.2 | 345.38 | NOTE | |||
r-devel-linux-x86_64-fedora-gcc | 1.4.2 | 336.07 | OK | |||
r-devel-windows-x86_64 | 1.4.2 | 115.00 | 96.00 | 211.00 | NOTE | |
r-patched-linux-x86_64 | 1.4.2 | 124.82 | 79.90 | 204.72 | OK | |
r-release-linux-x86_64 | 1.4.2 | 122.33 | 79.99 | 202.32 | OK | |
r-release-macos-arm64 | 1.4.2 | 86.00 | NOTE | |||
r-release-macos-x86_64 | 1.4.2 | 167.00 | NOTE | |||
r-release-windows-x86_64 | 1.4.2 | 149.00 | 117.00 | 266.00 | NOTE | |
r-oldrel-macos-arm64 | 1.4.2 | 76.00 | NOTE | |||
r-oldrel-macos-x86_64 | 1.4.2 | 110.00 | NOTE | |||
r-oldrel-windows-x86_64 | 1.4.2 | 142.00 | 114.00 | 256.00 | NOTE |
Version: 1.4.2
Check: installed package size
Result: NOTE
installed size is 9.0Mb
sub-directories of 1Mb or more:
doc 6.2Mb
lib 1.6Mb
Flavors: r-devel-linux-x86_64-fedora-clang, r-devel-windows-x86_64, r-release-macos-arm64, r-release-macos-x86_64, r-release-windows-x86_64, r-oldrel-macos-arm64, r-oldrel-macos-x86_64, r-oldrel-windows-x86_64