CRAN Package Check Results for Package microsamplingDesign

Last updated on 2024-02-28 12:55:02 CET.

Flavor Version Tinstall Tcheck Ttotal Status Flags
r-devel-linux-x86_64-debian-clang 1.0.8 44.29 307.92 352.21 NOTE
r-devel-linux-x86_64-debian-gcc 1.0.8 30.90 223.00 253.90 NOTE
r-devel-linux-x86_64-fedora-clang 1.0.8 433.54 NOTE
r-devel-linux-x86_64-fedora-gcc 1.0.8 431.67 NOTE
r-devel-windows-x86_64 1.0.8 37.00 246.00 283.00 NOTE
r-patched-linux-x86_64 1.0.8 31.78 284.96 316.74 NOTE
r-release-linux-x86_64 1.0.8 29.59 299.02 328.61 NOTE
r-release-macos-arm64 1.0.8 113.00 NOTE
r-release-macos-x86_64 1.0.8 196.00 NOTE
r-release-windows-x86_64 1.0.8 47.00 316.00 363.00 NOTE
r-oldrel-macos-arm64 1.0.8 100.00 OK
r-oldrel-windows-x86_64 1.0.8 47.00 312.00 359.00 OK

Check Details

Version: 1.0.8
Check: C++ specification
Result: NOTE Specified C++11: please drop specification unless essential Flavors: r-devel-linux-x86_64-debian-clang, r-devel-linux-x86_64-debian-gcc, r-devel-linux-x86_64-fedora-clang, r-devel-linux-x86_64-fedora-gcc, r-devel-windows-x86_64, r-patched-linux-x86_64, r-release-linux-x86_64, r-release-macos-arm64, r-release-macos-x86_64, r-release-windows-x86_64

Version: 1.0.8
Check: Rd files
Result: NOTE checkRd: (-1) addSchemes.Rd:13: Lost braces 13 | \item{extraSchemes}{array of schemes to add, see code{\link{SetOfSchemes-class}}} | ^ checkRd: (-1) pkCurveStat.Rd:30: Lost braces in \itemize; meant \describe ? checkRd: (-1) pkCurveStat.Rd:31: Lost braces in \itemize; meant \describe ? checkRd: (-1) pkCurveStat.Rd:32: Lost braces in \itemize; meant \describe ? checkRd: (-1) rankObject.Rd:33-36: Lost braces in \itemize; meant \describe ? checkRd: (-1) rankObject.Rd:37: Lost braces in \itemize; meant \describe ? Flavors: r-devel-linux-x86_64-debian-clang, r-devel-linux-x86_64-debian-gcc, r-devel-linux-x86_64-fedora-clang, r-devel-linux-x86_64-fedora-gcc

Version: 1.0.8
Check: Rd \usage sections
Result: NOTE Documented arguments not in \usage in Rd file 'changeDevSettings.Rd': ‘defaultsSettings’ Documented arguments not in \usage in Rd file 'getResultPerScheme.Rd': ‘criteria’ Functions with \usage entries need to have the appropriate \alias entries, and all their arguments documented. The \usage entries must correspond to syntactically valid R code. See chapter ‘Writing R documentation files’ in the ‘Writing R Extensions’ manual. Flavors: r-devel-linux-x86_64-debian-clang, r-devel-linux-x86_64-debian-gcc, r-devel-linux-x86_64-fedora-clang, r-devel-linux-x86_64-fedora-gcc, r-devel-windows-x86_64