CRAN Package Check Results for Package microcontax

Last updated on 2024-07-19 09:57:21 CEST.

Flavor Version Tinstall Tcheck Ttotal Status Flags
r-devel-linux-x86_64-debian-clang 1.2 6.43 69.86 76.29 NOTE
r-devel-linux-x86_64-debian-gcc 1.2 4.69 52.26 56.95 NOTE
r-devel-linux-x86_64-fedora-clang 1.2 100.44 NOTE
r-devel-linux-x86_64-fedora-gcc 1.2 113.30 NOTE
r-devel-windows-x86_64 1.2 8.00 82.00 90.00 NOTE
r-patched-linux-x86_64 1.2 11.31 65.94 77.25 NOTE
r-release-linux-x86_64 1.2 3.71 66.10 69.81 NOTE
r-release-macos-arm64 1.2 41.00 NOTE
r-release-macos-x86_64 1.2 74.00 NOTE
r-release-windows-x86_64 1.2 6.00 83.00 89.00 NOTE
r-oldrel-macos-arm64 1.2 43.00 NOTE
r-oldrel-macos-x86_64 1.2 62.00 NOTE
r-oldrel-windows-x86_64 1.2 8.00 90.00 98.00 NOTE

Check Details

Version: 1.2
Check: package dependencies
Result: NOTE Package suggested but not available for checking: ‘microcontax.data’ Flavors: r-devel-linux-x86_64-debian-clang, r-devel-linux-x86_64-debian-gcc, r-devel-linux-x86_64-fedora-clang, r-devel-linux-x86_64-fedora-gcc, r-devel-windows-x86_64, r-patched-linux-x86_64, r-release-linux-x86_64, r-release-macos-arm64, r-release-macos-x86_64, r-release-windows-x86_64, r-oldrel-macos-arm64, r-oldrel-macos-x86_64, r-oldrel-windows-x86_64

Version: 1.2
Check: Rd cross-references
Result: NOTE Package unavailable to check Rd xrefs: ‘microcontax.data’ Flavors: r-devel-linux-x86_64-debian-clang, r-devel-linux-x86_64-debian-gcc, r-devel-linux-x86_64-fedora-clang, r-devel-linux-x86_64-fedora-gcc, r-patched-linux-x86_64, r-release-linux-x86_64, r-release-macos-arm64, r-release-macos-x86_64, r-release-windows-x86_64, r-oldrel-macos-arm64, r-oldrel-macos-x86_64, r-oldrel-windows-x86_64

Version: 1.2
Check: Rd cross-references
Result: NOTE Package unavailable to check Rd xrefs: 'microcontax.data' Found the following Rd file(s) with Rd \link{} targets missing package anchors: getDomain.Rd: readFasta Please provide package anchors for all Rd \link{} targets not in the package itself and the base packages. Flavor: r-devel-windows-x86_64