CRAN Package Check Results for Package micemd

Last updated on 2022-01-27 20:49:56 CET.

Flavor Version Tinstall Tcheck Ttotal Status Flags
r-devel-linux-x86_64-debian-clang 1.8.0 14.43 124.42 138.85 OK
r-devel-linux-x86_64-debian-gcc 1.8.0 11.99 90.98 102.97 OK
r-devel-linux-x86_64-fedora-clang 1.8.0 156.15 OK
r-devel-linux-x86_64-fedora-gcc 1.8.0 150.60 OK
r-devel-windows-x86_64-new-UL 1.8.0 27.00 137.00 164.00 OK
r-devel-windows-x86_64-new-TK 1.8.0 ERROR
r-patched-linux-x86_64 1.8.0 20.89 108.16 129.05 OK
r-release-linux-x86_64 1.8.0 8.33 107.54 115.87 OK
r-release-macos-arm64 1.8.0 OK
r-release-macos-x86_64 1.8.0 OK
r-release-windows-ix86+x86_64 1.8.0 30.00 124.00 154.00 OK
r-oldrel-macos-x86_64 1.8.0 OK
r-oldrel-windows-ix86+x86_64 1.8.0 29.00 125.00 154.00 OK

Check Details

Version: 1.8.0
Check: package dependencies
Result: ERROR
    Packages required but not available: 'lme4', 'jomo'
    
    Package suggested but not available for checking: 'VIM'
    
    See section 'The DESCRIPTION file' in the 'Writing R Extensions'
    manual.
Flavor: r-devel-windows-x86_64-new-TK