CRAN Package Check Results for Package miceadds

Last updated on 2021-12-08 15:50:50 CET.

Flavor Version Tinstall Tcheck Ttotal Status Flags
r-devel-linux-x86_64-debian-clang 3.11-6 144.86 149.99 294.85 NOTE
r-devel-linux-x86_64-debian-gcc 3.11-6 104.22 110.90 215.12 OK
r-devel-linux-x86_64-fedora-clang 3.11-6 413.62 NOTE
r-devel-linux-x86_64-fedora-gcc 3.11-6 369.92 OK
r-devel-windows-x86_64-new-UL 3.11-6 200.00 230.00 430.00 OK
r-devel-windows-x86_64-new-TK 3.11-6 OK
r-devel-windows-x86_64-old 3.11-6 198.00 143.00 341.00 OK
r-patched-linux-x86_64 3.11-6 127.65 140.02 267.67 OK
r-release-linux-x86_64 3.11-6 121.06 140.51 261.57 OK
r-release-macos-arm64 3.11-6 NOTE
r-release-macos-x86_64 3.11-6 NOTE
r-release-windows-ix86+x86_64 3.11-6 263.00 238.00 501.00 OK
r-oldrel-macos-x86_64 3.11-6 NOTE
r-oldrel-windows-ix86+x86_64 3.11-6 354.00 242.00 596.00 OK

Check Details

Version: 3.11-6
Check: package dependencies
Result: NOTE
    Package suggested but not available for checking: 'MBESS'
Flavor: r-devel-linux-x86_64-debian-clang

Version: 3.11-6
Check: installed package size
Result: NOTE
     installed size is 6.9Mb
     sub-directories of 1Mb or more:
     libs 5.3Mb
Flavors: r-devel-linux-x86_64-fedora-clang, r-release-macos-arm64, r-release-macos-x86_64, r-oldrel-macos-x86_64