CRAN Package Check Results for Package miLineage

Last updated on 2024-06-13 07:50:36 CEST.

Flavor Version Tinstall Tcheck Ttotal Status Flags
r-devel-linux-x86_64-debian-clang 2.1 12.33 104.45 116.78 OK
r-devel-linux-x86_64-debian-gcc 2.1 0.32 1.69 2.01 ERROR
r-devel-linux-x86_64-fedora-clang 2.1 148.78 OK
r-devel-linux-x86_64-fedora-gcc 2.1 135.14 OK
r-devel-windows-x86_64 2.1 12.00 86.00 98.00 OK
r-patched-linux-x86_64 2.1 9.23 102.34 111.57 OK
r-release-linux-x86_64 2.1 9.24 97.52 106.76 OK
r-release-macos-arm64 2.1 38.00 OK
r-release-macos-x86_64 2.1 61.00 OK
r-release-windows-x86_64 2.1 12.00 88.00 100.00 OK
r-oldrel-macos-arm64 2.1 39.00 OK
r-oldrel-macos-x86_64 2.1 72.00 OK
r-oldrel-windows-x86_64 2.1 16.00 102.00 118.00 OK

Check Details

Version: 2.1
Check: package dependencies
Result: ERROR Package required but not available: ‘geepack’ See section ‘The DESCRIPTION file’ in the ‘Writing R Extensions’ manual. Flavor: r-devel-linux-x86_64-debian-gcc