CRAN Package Check Results for Package mhazard

Last updated on 2021-12-04 21:53:14 CET.

Flavor Version Tinstall Tcheck Ttotal Status Flags
r-devel-linux-x86_64-debian-clang 0.1.2 50.29 104.43 154.72 NOTE
r-devel-linux-x86_64-debian-gcc 0.1.2 39.26 80.73 119.99 NOTE
r-devel-linux-x86_64-fedora-clang 0.1.2 210.83 NOTE
r-devel-linux-x86_64-fedora-gcc 0.1.2 188.56 NOTE
r-devel-windows-x86_64-new-UL 0.1.2 70.00 170.00 240.00 NOTE
r-devel-windows-x86_64-new-TK 0.1.2 NOTE
r-devel-windows-x86_64-old 0.1.2 67.00 90.00 157.00 NOTE
r-patched-linux-x86_64 0.1.2 46.78 92.29 139.07 NOTE
r-release-linux-x86_64 0.1.2 45.60 91.02 136.62 NOTE
r-release-macos-arm64 0.1.2 NOTE
r-release-macos-x86_64 0.1.2 NOTE
r-release-windows-ix86+x86_64 0.1.2 127.00 180.00 307.00 NOTE
r-oldrel-macos-x86_64 0.1.2 OK
r-oldrel-windows-ix86+x86_64 0.1.2 122.00 179.00 301.00 OK

Check Details

Version: 0.1.2
Check: LazyData
Result: NOTE
     'LazyData' is specified without a 'data' directory
Flavors: r-devel-linux-x86_64-debian-clang, r-devel-linux-x86_64-debian-gcc, r-devel-linux-x86_64-fedora-clang, r-devel-linux-x86_64-fedora-gcc, r-devel-windows-x86_64-new-UL, r-devel-windows-x86_64-new-TK, r-devel-windows-x86_64-old, r-patched-linux-x86_64, r-release-linux-x86_64, r-release-macos-arm64, r-release-macos-x86_64, r-release-windows-ix86+x86_64