CRAN Package Check Results for Package mgwrsar

Last updated on 2020-06-04 14:47:39 CEST.

Flavor Version Tinstall Tcheck Ttotal Status Flags
r-devel-linux-x86_64-debian-clang 0.1 66.84 727.28 794.12 WARN
r-devel-linux-x86_64-debian-gcc 0.1 57.18 563.12 620.30 OK
r-devel-linux-x86_64-fedora-clang 0.1 986.17 NOTE
r-devel-linux-x86_64-fedora-gcc 0.1 972.76 OK
r-devel-windows-ix86+x86_64 0.1 150.00 985.00 1135.00 OK
r-patched-linux-x86_64 0.1 62.69 726.62 789.31 WARN
r-patched-solaris-x86 0.1 299.90 WARN
r-release-linux-x86_64 0.1 67.75 726.35 794.10 WARN
r-release-osx-x86_64 0.1 NOTE
r-release-windows-ix86+x86_64 0.1 117.00 952.00 1069.00 OK
r-oldrel-osx-x86_64 0.1 WARN
r-oldrel-windows-ix86+x86_64 0.1 135.00 896.00 1031.00 OK

Check Details

Version: 0.1
Check: re-building of vignette outputs
Result: WARN
    Error(s) in re-building vignettes:
     ...
    --- re-building 'mgwrsar-basic_examples.Rmd' using rmarkdown
    Killed
Flavors: r-devel-linux-x86_64-debian-clang, r-patched-linux-x86_64, r-release-linux-x86_64

Version: 0.1
Check: installed package size
Result: NOTE
     installed size is 21.2Mb
     sub-directories of 1Mb or more:
     doc 1.1Mb
     libs 19.7Mb
Flavors: r-devel-linux-x86_64-fedora-clang, r-release-osx-x86_64, r-oldrel-osx-x86_64

Version: 0.1
Check: re-building of vignette outputs
Result: WARN
    Error(s) in re-building vignettes:
     ...
    --- re-building ‘mgwrsar-basic_examples.Rmd’ using rmarkdown
    Warning in engine$weave(file, quiet = quiet, encoding = enc) :
     Pandoc (>= 1.12.3) and/or pandoc-citeproc not available. Falling back to R Markdown v1.
    Quitting from lines 91-94 (mgwrsar-basic_examples.Rmd)
    Error: processing vignette 'mgwrsar-basic_examples.Rmd' failed with diagnostics:
    there is no package called 'webshot'
    --- failed re-building ‘mgwrsar-basic_examples.Rmd’
    
    SUMMARY: processing the following file failed:
     ‘mgwrsar-basic_examples.Rmd’
    
    Error: Vignette re-building failed.
    Execution halted
Flavor: r-patched-solaris-x86

Version: 0.1
Check: re-building of vignette outputs
Result: WARN
    Error(s) in re-building vignettes:
     ...
    --- re-building ‘mgwrsar-basic_examples.Rmd’ using rmarkdown
    Warning in engine$weave(file, quiet = quiet, encoding = enc) :
     Pandoc (>= 1.12.3) and/or pandoc-citeproc not available. Falling back to R Markdown v1.
    Quitting from lines 91-94 (mgwrsar-basic_examples.Rmd)
    Error: processing vignette 'mgwrsar-basic_examples.Rmd' failed with diagnostics:
    cannot open the connection
    --- failed re-building ‘mgwrsar-basic_examples.Rmd’
    
    SUMMARY: processing the following file failed:
     ‘mgwrsar-basic_examples.Rmd’
    
    Error: Vignette re-building failed.
    Execution halted
Flavor: r-oldrel-osx-x86_64