CRAN Package Check Results for Package mgwrsar

Last updated on 2019-05-21 17:48:26 CEST.

Flavor Version Tinstall Tcheck Ttotal Status Flags
r-devel-linux-x86_64-debian-clang 0.1 53.22 665.68 718.90 OK
r-devel-linux-x86_64-debian-gcc 0.1 53.45 506.36 559.81 OK
r-devel-linux-x86_64-fedora-clang 0.1 845.19 NOTE
r-devel-linux-x86_64-fedora-gcc 0.1 817.15 OK
r-devel-windows-ix86+x86_64 0.1 92.00 868.00 960.00 OK
r-patched-linux-x86_64 0.1 60.97 662.64 723.61 OK
r-patched-solaris-x86 0.1 232.70 WARN
r-release-linux-x86_64 0.1 62.74 654.59 717.33 OK
r-release-windows-ix86+x86_64 0.1 123.00 854.00 977.00 OK
r-release-osx-x86_64 0.1 WARN
r-oldrel-windows-ix86+x86_64 0.1 81.00 620.00 701.00 OK
r-oldrel-osx-x86_64 0.1 WARN

Check Details

Version: 0.1
Check: installed package size
Result: NOTE
     installed size is 20.5Mb
     sub-directories of 1Mb or more:
     doc 1.1Mb
     libs 18.9Mb
Flavors: r-devel-linux-x86_64-fedora-clang, r-release-osx-x86_64, r-oldrel-osx-x86_64

Version: 0.1
Check: re-building of vignette outputs
Result: WARN
    Error(s) in re-building vignettes:
     ...
    --- re-building ‘mgwrsar-basic_examples.Rmd’ using rmarkdown
    Warning in engine$weave(file, quiet = quiet, encoding = enc) :
     Pandoc (>= 1.12.3) and/or pandoc-citeproc not available. Falling back to R Markdown v1.
    Quitting from lines 91-94 (mgwrsar-basic_examples.Rmd)
    Error: processing vignette 'mgwrsar-basic_examples.Rmd' failed with diagnostics:
    there is no package called 'webshot'
    --- failed re-building ‘mgwrsar-basic_examples.Rmd’
    
    SUMMARY: processing the following file failed:
     ‘mgwrsar-basic_examples.Rmd’
    
    Error: Vignette re-building failed.
    Execution halted
Flavor: r-patched-solaris-x86

Version: 0.1
Check: re-building of vignette outputs
Result: WARN
    Error(s) in re-building vignettes:
     ...
    --- re-building ‘mgwrsar-basic_examples.Rmd’ using rmarkdown
    Warning in engine$weave(file, quiet = quiet, encoding = enc) :
     Pandoc (>= 1.12.3) and/or pandoc-citeproc not available. Falling back to R Markdown v1.
    Quitting from lines 91-94 (mgwrsar-basic_examples.Rmd)
    Error: processing vignette 'mgwrsar-basic_examples.Rmd' failed with diagnostics:
    cannot open the connection
    --- failed re-building ‘mgwrsar-basic_examples.Rmd’
    
    SUMMARY: processing the following file failed:
     ‘mgwrsar-basic_examples.Rmd’
    
    Error: Vignette re-building failed.
    Execution halted
Flavor: r-release-osx-x86_64

Version: 0.1
Check: re-building of vignette outputs
Result: WARN
    Error in re-building vignettes:
     ...
    Warning in engine$weave(file, quiet = quiet, encoding = enc) :
     Pandoc (>= 1.12.3) and/or pandoc-citeproc not available. Falling back to R Markdown v1.
    Quitting from lines 91-94 (mgwrsar-basic_examples.Rmd)
    Error: processing vignette 'mgwrsar-basic_examples.Rmd' failed with diagnostics:
    cannot open the connection
    Execution halted
Flavor: r-oldrel-osx-x86_64